CRAN Package Check Results for Package urltools

Last updated on 2021-12-06 03:53:16 CET.

Flavor Version Tinstall Tcheck Ttotal Status Flags
r-devel-linux-x86_64-debian-clang 1.7.3 67.52 43.26 110.78 OK
r-devel-linux-x86_64-debian-gcc 1.7.3 50.70 35.24 85.94 OK
r-devel-linux-x86_64-fedora-clang 1.7.3 184.18 NOTE
r-devel-linux-x86_64-fedora-gcc 1.7.3 143.58 NOTE
r-devel-windows-x86_64-new-UL 1.7.3 92.00 102.00 194.00 OK
r-devel-windows-x86_64-new-TK 1.7.3 NOTE
r-devel-windows-x86_64-old 1.7.3 89.00 58.00 147.00 OK
r-patched-linux-x86_64 1.7.3 60.38 32.64 93.02 OK
r-release-linux-x86_64 1.7.3 58.68 40.32 99.00 OK
r-release-macos-arm64 1.7.3 NOTE
r-release-macos-x86_64 1.7.3 NOTE
r-release-windows-ix86+x86_64 1.7.3 178.00 89.00 267.00 OK
r-oldrel-macos-x86_64 1.7.3 NOTE
r-oldrel-windows-ix86+x86_64 1.7.3 177.00 93.00 270.00 OK

Check Details

Version: 1.7.3
Check: Rd cross-references
Result: NOTE
    Undeclared package ‘httr’ in Rd xrefs
Flavor: r-devel-linux-x86_64-fedora-clang

Version: 1.7.3
Check: data for non-ASCII characters
Result: NOTE
     Note: found 488 marked UTF-8 strings
Flavors: r-devel-linux-x86_64-fedora-clang, r-devel-linux-x86_64-fedora-gcc, r-devel-windows-x86_64-new-TK, r-release-macos-arm64, r-release-macos-x86_64, r-oldrel-macos-x86_64