CRAN Package Check Results for Package urlchecker

Last updated on 2024-07-21 15:53:48 CEST.

Flavor Version Tinstall Tcheck Ttotal Status Flags
r-devel-linux-x86_64-debian-clang 1.0.1 2.05 22.00 24.05 OK
r-devel-linux-x86_64-debian-gcc 1.0.1 1.73 17.08 18.81 OK
r-devel-linux-x86_64-fedora-clang 1.0.1 31.29 NOTE
r-devel-linux-x86_64-fedora-gcc 1.0.1 29.21 NOTE
r-devel-windows-x86_64 1.0.1 3.00 39.00 42.00 OK
r-patched-linux-x86_64 1.0.1 2.05 21.29 23.34 OK
r-release-linux-x86_64 1.0.1 1.49 21.46 22.95 OK
r-release-macos-arm64 1.0.1 14.00 OK
r-release-macos-x86_64 1.0.1 19.00 OK
r-release-windows-x86_64 1.0.1 3.00 39.00 42.00 OK
r-oldrel-macos-arm64 1.0.1 15.00 OK
r-oldrel-macos-x86_64 1.0.1 19.00 OK
r-oldrel-windows-x86_64 1.0.1 3.00 40.00 43.00 OK

Check Details

Version: 1.0.1
Check: dependencies in R code
Result: NOTE Namespace in Imports field not imported from: ‘xml2’ All declared Imports should be used. Flavors: r-devel-linux-x86_64-fedora-clang, r-devel-linux-x86_64-fedora-gcc