CRAN Package Check Results for Package unvotes

Last updated on 2023-01-29 03:55:29 CET.

Flavor Version Tinstall Tcheck Ttotal Status Flags
r-devel-linux-x86_64-debian-clang 0.3.0 5.36 44.07 49.43 OK
r-devel-linux-x86_64-debian-gcc 0.3.0 5.16 33.27 38.43 OK
r-devel-linux-x86_64-fedora-clang 0.3.0 63.48 NOTE
r-devel-linux-x86_64-fedora-gcc 0.3.0 73.13 NOTE
r-patched-linux-x86_64 0.3.0 5.49 41.85 47.34 OK
r-release-linux-x86_64 0.3.0 5.23 43.87 49.10 OK
r-release-macos-arm64 0.3.0 30.00 NOTE
r-release-macos-x86_64 0.3.0 35.00 NOTE
r-release-windows-x86_64 0.3.0 15.00 83.00 98.00 OK
r-oldrel-macos-arm64 0.3.0 39.00 NOTE
r-oldrel-macos-x86_64 0.3.0 54.00 NOTE
r-oldrel-windows-ix86+x86_64 0.3.0 13.00 74.00 87.00 OK

Check Details

Version: 0.3.0
Check: data for non-ASCII characters
Result: NOTE
     Note: found 7872 marked UTF-8 strings
Flavors: r-devel-linux-x86_64-fedora-clang, r-devel-linux-x86_64-fedora-gcc, r-release-macos-arm64, r-release-macos-x86_64, r-oldrel-macos-arm64, r-oldrel-macos-x86_64