CRAN Package Check Results for Package uniqtag

Last updated on 2021-12-04 03:52:47 CET.

Flavor Version Tinstall Tcheck Ttotal Status Flags
r-devel-linux-x86_64-debian-clang 1.0 1.93 21.60 23.53 NOTE
r-devel-linux-x86_64-debian-gcc 1.0 1.38 17.63 19.01 NOTE
r-devel-linux-x86_64-fedora-clang 1.0 42.42 NOTE
r-devel-linux-x86_64-fedora-gcc 1.0 29.70 NOTE
r-devel-windows-x86_64-new-UL 1.0 6.00 62.00 68.00 NOTE
r-devel-windows-x86_64-new-TK 1.0 NOTE
r-devel-windows-x86_64-old 1.0 4.00 31.00 35.00 NOTE
r-patched-linux-x86_64 1.0 1.94 21.00 22.94 NOTE
r-release-linux-x86_64 1.0 1.79 20.91 22.70 NOTE
r-release-macos-arm64 1.0 NOTE
r-release-macos-x86_64 1.0 NOTE
r-release-windows-ix86+x86_64 1.0 5.00 39.00 44.00 NOTE
r-oldrel-macos-x86_64 1.0 NOTE
r-oldrel-windows-ix86+x86_64 1.0 5.00 42.00 47.00 NOTE

Check Details

Version: 1.0
Check: R code for possible problems
Result: NOTE
    cumcount: no visible global function definition for 'setNames'
    uniqtag: no visible global function definition for 'setNames'
    Undefined global functions or variables:
     setNames
    Consider adding
     importFrom("stats", "setNames")
    to your NAMESPACE file.
Flavors: r-devel-linux-x86_64-debian-clang, r-devel-linux-x86_64-debian-gcc, r-devel-linux-x86_64-fedora-clang, r-devel-linux-x86_64-fedora-gcc, r-devel-windows-x86_64-new-UL, r-devel-windows-x86_64-new-TK, r-devel-windows-x86_64-old, r-patched-linux-x86_64, r-release-linux-x86_64, r-release-macos-arm64, r-release-macos-x86_64, r-release-windows-ix86+x86_64, r-oldrel-macos-x86_64, r-oldrel-windows-ix86+x86_64