CRAN Package Check Results for Package unine

Last updated on 2022-11-26 16:03:09 CET.

Flavor Version Tinstall Tcheck Ttotal Status Flags
r-devel-linux-x86_64-debian-clang 0.2.0 63.58 31.75 95.33 OK
r-devel-linux-x86_64-debian-gcc 0.2.0 44.35 24.80 69.15 OK
r-devel-linux-x86_64-fedora-clang 0.2.0 162.78 NOTE
r-devel-linux-x86_64-fedora-gcc 0.2.0 136.35 NOTE
r-devel-windows-x86_64 0.2.0 63.00 79.00 142.00 OK
r-patched-linux-x86_64 0.2.0 OK
r-release-linux-x86_64 0.2.0 50.50 30.00 80.50 OK
r-release-macos-arm64 0.2.0 32.00 NOTE
r-release-macos-x86_64 0.2.0 47.00 NOTE
r-release-windows-x86_64 0.2.0 140.00 82.00 222.00 OK
r-oldrel-macos-arm64 0.2.0 39.00 NOTE
r-oldrel-macos-x86_64 0.2.0 69.00 NOTE
r-oldrel-windows-ix86+x86_64 0.2.0 159.00 77.00 236.00 OK

Check Details

Version: 0.2.0
Check: data for non-ASCII characters
Result: NOTE
     Note: found 548 marked UTF-8 strings
Flavors: r-devel-linux-x86_64-fedora-clang, r-devel-linux-x86_64-fedora-gcc, r-release-macos-arm64, r-release-macos-x86_64, r-oldrel-macos-arm64, r-oldrel-macos-x86_64