CRAN Package Check Results for Package unine

Last updated on 2024-07-17 04:50:11 CEST.

Flavor Version Tinstall Tcheck Ttotal Status Flags
r-devel-linux-x86_64-debian-clang 0.2.0 73.05 31.26 104.31 NOTE
r-devel-linux-x86_64-debian-gcc 0.2.0 42.81 24.45 67.26 NOTE
r-devel-linux-x86_64-fedora-clang 0.2.0 162.83 NOTE
r-devel-linux-x86_64-fedora-gcc 0.2.0 144.11 NOTE
r-devel-windows-x86_64 0.2.0 51.00 64.00 115.00 NOTE
r-patched-linux-x86_64 0.2.0 53.70 29.79 83.49 NOTE
r-release-linux-x86_64 0.2.0 50.26 29.69 79.95 NOTE
r-release-macos-arm64 0.2.0 31.00 NOTE
r-release-macos-x86_64 0.2.0 39.00 NOTE
r-release-windows-x86_64 0.2.0 49.00 67.00 116.00 NOTE
r-oldrel-macos-arm64 0.2.0 39.00 NOTE
r-oldrel-macos-x86_64 0.2.0 61.00 NOTE
r-oldrel-windows-x86_64 0.2.0 47.00 72.00 119.00 NOTE

Check Details

Version: 0.2.0
Check: C++ specification
Result: NOTE Specified C++11: please drop specification unless essential Flavors: r-devel-linux-x86_64-debian-clang, r-devel-linux-x86_64-debian-gcc, r-devel-linux-x86_64-fedora-clang, r-devel-linux-x86_64-fedora-gcc, r-devel-windows-x86_64, r-patched-linux-x86_64, r-release-linux-x86_64, r-release-macos-arm64, r-release-macos-x86_64, r-release-windows-x86_64, r-oldrel-macos-arm64, r-oldrel-macos-x86_64, r-oldrel-windows-x86_64

Version: 0.2.0
Check: data for non-ASCII characters
Result: NOTE Note: found 548 marked UTF-8 strings Flavors: r-devel-linux-x86_64-fedora-clang, r-devel-linux-x86_64-fedora-gcc