CRAN Package Check Results for Package unhcrthemes

Last updated on 2024-06-22 03:49:44 CEST.

Flavor Version Tinstall Tcheck Ttotal Status Flags
r-devel-linux-x86_64-debian-clang 0.6.2 7.82 98.49 106.31 OK
r-devel-linux-x86_64-debian-gcc 0.6.2 3.66 76.45 80.11 OK
r-devel-linux-x86_64-fedora-clang 0.6.2 88.47 OK
r-devel-linux-x86_64-fedora-gcc 0.6.2 136.50 OK
r-devel-windows-x86_64 0.6.2 8.00 74.00 82.00 OK
r-patched-linux-x86_64 0.6.2 12.38 95.38 107.76 OK
r-release-linux-x86_64 0.6.2 4.67 95.65 100.32 OK
r-release-macos-arm64 0.6.2 40.00 OK
r-release-macos-x86_64 0.6.2 73.00 OK
r-release-windows-x86_64 0.6.2 8.00 74.00 82.00 OK
r-oldrel-macos-arm64 0.6.2 46.00 OK
r-oldrel-macos-x86_64 0.6.2 126.00 WARN
r-oldrel-windows-x86_64 0.6.2 8.00 86.00 94.00 OK

Check Details

Version: 0.6.2
Check: startup messages can be suppressed
Result: NOTE 2023-11-27 06:51:56.302 R[14525:2096614800] XType: Using static font registry. It looks like this package (or a package it requires) has a startup message which cannot be suppressed: see ?packageStartupMessage. Flavor: r-oldrel-macos-x86_64

Version: 0.6.2
Check: dependencies in R code
Result: NOTE 2023-11-27 06:51:58.157 R[15369:2096616534] XType: Using static font registry. Flavor: r-oldrel-macos-x86_64

Version: 0.6.2
Check: S3 generic/method consistency
Result: WARN 2023-11-27 06:52:00.054 R[16081:2096617951] XType: Using static font registry. See section ‘Generic functions and methods’ in the ‘Writing R Extensions’ manual. Flavor: r-oldrel-macos-x86_64

Version: 0.6.2
Check: replacement functions
Result: WARN 2023-11-27 06:52:02.337 R[16881:2096619572] XType: Using static font registry. The argument of a replacement function which corresponds to the right hand side must be named ‘value’. Flavor: r-oldrel-macos-x86_64

Version: 0.6.2
Check: foreign function calls
Result: NOTE 2023-11-27 06:52:04.198 R[17365:2096620546] XType: Using static font registry. See chapter ‘System and foreign language interfaces’ in the ‘Writing R Extensions’ manual. Flavor: r-oldrel-macos-x86_64

Version: 0.6.2
Check: R code for possible problems
Result: NOTE 2023-11-27 06:52:07.135 R[18482:2096622832] XType: Using static font registry. Flavor: r-oldrel-macos-x86_64

Version: 0.6.2
Check: for missing documentation entries
Result: WARN 2023-11-27 06:52:13.295 R[20905:2096627616] XType: Using static font registry. All user-level objects in a package should have documentation entries. See chapter ‘Writing R documentation files’ in the ‘Writing R Extensions’ manual. Flavor: r-oldrel-macos-x86_64

Version: 0.6.2
Check: for code/documentation mismatches
Result: WARN 2023-11-27 06:52:15.181 R[21482:2096628821] XType: Using static font registry. 2023-11-27 06:52:16.786 R[22130:2096630090] XType: Using static font registry. 2023-11-27 06:52:18.255 R[22695:2096631227] XType: Using static font registry. Flavor: r-oldrel-macos-x86_64

Version: 0.6.2
Check: Rd \usage sections
Result: NOTE 2023-11-27 06:52:20.449 R[23405:2096632632] XType: Using static font registry. The \usage entries for S3 methods should use the \method markup and not their full name. See chapter ‘Writing R documentation files’ in the ‘Writing R Extensions’ manual. Flavor: r-oldrel-macos-x86_64