CRAN Package Check Results for Package umx

Last updated on 2024-07-19 16:57:38 CEST.

Flavor Version Tinstall Tcheck Ttotal Status Flags
r-devel-linux-x86_64-debian-clang 4.20.0 43.54 1015.59 1059.13 OK
r-devel-linux-x86_64-debian-gcc 4.20.0 37.97 786.84 824.81 OK
r-devel-linux-x86_64-fedora-clang 4.20.0 1302.74 NOTE
r-devel-linux-x86_64-fedora-gcc 4.20.0 1246.70 NOTE
r-devel-windows-x86_64 4.20.0 41.00 826.00 867.00 NOTE
r-patched-linux-x86_64 4.20.0 55.87 1077.73 1133.60 OK
r-release-linux-x86_64 4.20.0 31.62 1008.92 1040.54 OK
r-release-macos-arm64 4.20.0 300.00 NOTE
r-release-macos-x86_64 4.20.0 541.00 NOTE
r-release-windows-x86_64 4.20.0 42.00 823.00 865.00 NOTE
r-oldrel-macos-arm64 4.20.0 303.00 NOTE
r-oldrel-macos-x86_64 4.20.0 738.00 NOTE
r-oldrel-windows-x86_64 4.20.0 51.00 1038.00 1089.00 NOTE

Check Details

Version: 4.20.0
Check: package dependencies
Result: NOTE Imports includes 25 non-default packages. Importing from so many packages makes the package vulnerable to any of them becoming unavailable. Move as many as possible to Suggests and use conditionally. Flavor: r-devel-linux-x86_64-fedora-clang

Version: 4.20.0
Check: installed package size
Result: NOTE installed size is 6.0Mb sub-directories of 1Mb or more: R 1.0Mb help 4.4Mb Flavors: r-devel-linux-x86_64-fedora-clang, r-devel-windows-x86_64, r-release-macos-arm64, r-release-macos-x86_64, r-release-windows-x86_64, r-oldrel-macos-arm64, r-oldrel-macos-x86_64, r-oldrel-windows-x86_64

Version: 4.20.0
Check: dependencies in R code
Result: NOTE Namespaces in Imports field not imported from: ‘foreign’ ‘psychTools’ ‘pwr’ ‘rmarkdown’ All declared Imports should be used. Flavors: r-devel-linux-x86_64-fedora-clang, r-devel-linux-x86_64-fedora-gcc

Version: 4.20.0
Check: Rd cross-references
Result: NOTE Found the following Rd file(s) with Rd \link{} targets missing package anchors: RMSEA.MxModel.Rd: mxModel RMSEA.summary.mxmodel.Rd: mxModel extractAIC.MxModel.Rd: mxModel plot.MxLISRELModel.Rd: mxModel plot.MxModel.Rd: DiagrammeR, mxModel residuals.MxModel.Rd: mxModel tmx_is.identified.Rd: mxCheckIdentification umx-deprecated.Rd: mxEvalByName, mxTryHard umxACE.Rd: mxModel umxACEcov.Rd: mxModel umxACEv.Rd: mxModel umxAPA.Rd: lme umxAlgebra.Rd: mxAlgebra umxBrownie.Rd: omxBrownie umxCI.Rd: mxModel, mxCI umxCI_boot.Rd: mxModel umxCLPM.Rd: mxModel umxCP.Rd: mxModel umxCompare.Rd: mxModel, mxCompare umxConfint.Rd: mxModel, mxCI, mxRun umxDiagnose.Rd: mxModel umxDoC.Rd: mxModel umxEFA.Rd: mxModel, mxFactorScores umxEquate.Rd: mxModel umxExpCov.Rd: mxModel umxExpMeans.Rd: mxModel umxFactor.Rd: mxFactor umxFactorScores.Rd: mxFactorScores umxFitIndices.Rd: mxModel, summary.MxModel umxFixAll.Rd: mxModel umxGetParameters.Rd: omxGetParameters, mxModel umxGxE.Rd: mxModel umxGxEbiv.Rd: mxModel umxIP.Rd: mxModel umxJiggle.Rd: mxMatrix umxMI.Rd: mxModel, mxMI umxMRDoC.Rd: mxModel umxMatrix.Rd: mxMatrix umxMatrixFree.Rd: mxMatrix umxModel.Rd: mxModel umxModelNames.Rd: mxModel, mxRename umxModify.Rd: mxModel, mxRun umxParameters.Rd: mxModel umxPath.Rd: mxPath umxPlotACE.Rd: mxModel umxPlotACEcov.Rd: mxModel umxPlotCP.Rd: mxModel umxPlotSexLim.Rd: mxModel umxRAM.Rd: mxData, mxModel umxReduce.Rd: mxModel umxReduceACE.Rd: mxModel umxRun.Rd: mxRun, mxModel, mxData umxSetParameters.Rd: mxModel, omxAssignFirstParameters umxSexLim.Rd: mxModel umxSimplex.Rd: mxModel umxSummary.MxModel.Rd: mxModel, mxCheckIdentification umxSummary.Rd: mxModel umxSummaryACE.Rd: mxModel umxSummaryACEcov.Rd: mxModel umxSummaryACEv.Rd: mxModel umxSummaryCP.Rd: mxModel umxSummaryDoC.Rd: mxModel umxSummaryGxE.Rd: mxModel umxSummaryGxEbiv.Rd: mxModel umxSummaryIP.Rd: mxModel umxSummarySexLim.Rd: mxModel umxSummarySimplex.Rd: mxModel umxSuperModel.Rd: mxFitFunctionMultigroup, mxModel umxTwoStage.Rd: mxModel umxUnexplainedCausalNexus.Rd: mxCheckIdentification, mxCompare umxVersion.Rd: mxModel umx_cont_2_quantiles.Rd: mxFactor umx_has_CIs.Rd: mxModel umx_has_been_run.Rd: mxModel umx_has_means.Rd: mxModel umx_is_MxMatrix.Rd: mxMatrix umx_is_MxModel.Rd: mxModel umx_is_RAM.Rd: mxModel umx_is_endogenous.Rd: mxModel umx_is_exogenous.Rd: mxModel umx_is_ordered.Rd: mxData umx_rot.Rd: mxModel umx_round.Rd: mxModel umx_standardize.Rd: mxModel umx_string_to_algebra.Rd: mxAlgebra umx_time.Rd: mxModel umx_var.Rd: mxModel xmuLabel.Rd: mxModel, mxPath, mxMatrix, omxSetParameters xmuLabel_MATRIX_Model.Rd: mxModel xmuLabel_Matrix.Rd: mxMatrix xmuLabel_RAM_Model.Rd: mxModel xmuMI.Rd: mxModel xmuPropagateLabels.Rd: mxModel xmuRAM2Ordinal.Rd: mxModel xmuValues.Rd: mxModel, mxMatrix xmu_CI_stash.Rd: mxModel xmu_DF_to_mxData_TypeCov.Rd: mxData xmu_cell_is_on.Rd: mxModel xmu_check_needs_means.Rd: mxData xmu_describe_data_WLS.Rd: mxFitFunctionWLS, omxAugmentDataWithWLSSummary xmu_dot_maker.Rd: mxModel xmu_extract_column.Rd: mxData xmu_get_CI.Rd: mxModel xmu_make_TwinSuperModel.Rd: mxModel xmu_make_mxData.Rd: mxData xmu_safe_run_summary.Rd: mxModel, mxTryHard xmu_show_fit_or_comparison.Rd: mxModel xmu_standardize_RAM.Rd: mxModel Please provide package anchors for all Rd \link{} targets not in the package itself and the base packages. Flavor: r-devel-windows-x86_64