CRAN Package Check Results for Package uklr

Last updated on 2021-12-07 16:49:52 CET.

Flavor Version Tinstall Tcheck Ttotal Status Flags
r-devel-linux-x86_64-debian-clang 1.0.2 11.27 78.73 90.00 OK
r-devel-linux-x86_64-debian-gcc 1.0.2 10.88 63.30 74.18 OK
r-devel-linux-x86_64-fedora-clang 1.0.2 118.50 OK
r-devel-linux-x86_64-fedora-gcc 1.0.2 100.42 OK
r-devel-windows-x86_64-new-UL 1.0.2 22.00 133.00 155.00 OK
r-devel-windows-x86_64-new-TK 1.0.2 OK
r-devel-windows-x86_64-old 1.0.2 19.00 90.00 109.00 OK
r-patched-linux-x86_64 1.0.2 11.21 74.58 85.79 OK
r-release-linux-x86_64 1.0.2 11.09 75.03 86.12 OK
r-release-macos-arm64 1.0.2 NOTE
r-release-macos-x86_64 1.0.2 OK
r-release-windows-ix86+x86_64 1.0.2 14.00 110.00 124.00 OK
r-oldrel-macos-x86_64 1.0.2 OK
r-oldrel-windows-ix86+x86_64 1.0.2 20.00 114.00 134.00 OK

Check Details

Version: 1.0.2
Check: installed package size
Result: NOTE
     installed size is 5.4Mb
     sub-directories of 1Mb or more:
     data 5.1Mb
Flavor: r-release-macos-arm64