CRAN Package Check Results for Package ufs

Last updated on 2022-01-28 04:01:06 CET.

Flavor Version Tinstall Tcheck Ttotal Status Flags
r-devel-linux-x86_64-debian-clang 0.5.2 14.92 123.13 138.05 OK
r-devel-linux-x86_64-debian-gcc 0.5.2 13.02 91.62 104.64 OK
r-devel-linux-x86_64-fedora-clang 0.5.2 177.03 OK
r-devel-linux-x86_64-fedora-gcc 0.5.2 159.70 OK
r-devel-windows-x86_64-new-UL 0.5.2 138.00 164.00 302.00 OK
r-devel-windows-x86_64-new-TK 0.5.2 ERROR
r-patched-linux-x86_64 0.5.2 17.64 118.38 136.02 OK
r-release-linux-x86_64 0.5.2 11.42 118.14 129.56 OK
r-release-macos-arm64 0.5.2 OK
r-release-macos-x86_64 0.5.2 OK
r-release-windows-ix86+x86_64 0.5.2 28.00 149.00 177.00 OK
r-oldrel-macos-x86_64 0.5.2 OK
r-oldrel-windows-ix86+x86_64 0.5.2 26.00 147.00 173.00 OK

Check Details

Version: 0.5.2
Check: package dependencies
Result: NOTE
    Packages suggested but not available for checking: 'car', 'MBESS'
Flavor: r-devel-windows-x86_64-new-TK

Version: 0.5.2
Check: Rd cross-references
Result: NOTE
    Package unavailable to check Rd xrefs: 'MBESS'
Flavor: r-devel-windows-x86_64-new-TK

Version: 0.5.2
Check: examples
Result: ERROR
    Running examples in 'ufs-Ex.R' failed
    The error most likely occurred in:
    
    > ### Name: simDataSet
    > ### Title: Simulate a dataset
    > ### Aliases: simDataSet
    >
    > ### ** Examples
    >
    > dat <- simDataSet(
    + 500,
    + varNames=c('age',
    + 'sex',
    + 'educationLevel',
    + 'negativeLifeEventsInPast10Years',
    + 'problemCoping',
    + 'emotionCoping',
    + 'resilience',
    + 'depression'),
    + means = c(40,
    + 0,
    + 0,
    + 5,
    + 3.5,
    + 3.5,
    + 3.5,
    + 3.5),
    + sds = c(10,
    + 1,
    + 1,
    + 1.5,
    + 1.5,
    + 1.5,
    + 1.5,
    + 1.5),
    + specifiedCorrelations =
    + list(c('problemCoping', 'emotionCoping', -.5),
    + c('problemCoping', 'resilience', .5),
    + c('problemCoping', 'depression', -.4),
    + c('depression', 'emotionCoping', .6),
    + c('depression', 'resilience', -.3)),
    + ranges = list(age = c(18, 54),
    + negativeLifeEventsInPast10Years = c(0,8),
    + problemCoping = c(1, 7),
    + emotionCoping = c(1, 7)),
    + factors=c("sex", "educationLevel"),
    + cuts=list(c(0),
    + c(-.5, .5)),
    + labels=list(c('female', 'male'),
    + c('lower', 'middle', 'higher')),
    + silent=FALSE);
    Error in simDataSet(500, varNames = c("age", "sex", "educationLevel", :
     You need the MBESS package to use this function.
    
    You can install it with:
    
     install.packages('MBESS');
    Execution halted
Flavor: r-devel-windows-x86_64-new-TK