CRAN Package Check Results for Package udpipe

Last updated on 2021-12-01 15:52:14 CET.

Flavor Version Tinstall Tcheck Ttotal Status Flags
r-devel-linux-x86_64-debian-clang 0.8.6 153.10 390.72 543.82 OK
r-devel-linux-x86_64-debian-gcc 0.8.6 122.25 318.88 441.13 OK
r-devel-linux-x86_64-fedora-clang 0.8.6 710.71 NOTE
r-devel-linux-x86_64-fedora-gcc 0.8.6 733.61 OK
r-devel-windows-x86_64-new-UL 0.8.6 193.00 516.00 709.00 NOTE
r-devel-windows-x86_64-new-TK 0.8.6 OK
r-devel-windows-x86_64-old 0.8.6 169.00 408.00 577.00 NOTE
r-patched-linux-x86_64 0.8.6 147.07 413.94 561.01 OK
r-patched-solaris-x86 0.8.6 433.10 NOTE
r-release-linux-x86_64 0.8.6 150.60 421.48 572.08 OK
r-release-macos-arm64 0.8.6 NOTE
r-release-macos-x86_64 0.8.6 NOTE
r-release-windows-ix86+x86_64 0.8.6 317.00 479.00 796.00 NOTE
r-oldrel-macos-x86_64 0.8.6 NOTE
r-oldrel-windows-ix86+x86_64 0.8.6 232.00 487.00 719.00 NOTE

Check Details

Version: 0.8.6
Check: installed package size
Result: NOTE
     installed size is 24.7Mb
     sub-directories of 1Mb or more:
     doc 1.4Mb
     dummydata 1.4Mb
     libs 20.1Mb
Flavors: r-devel-linux-x86_64-fedora-clang, r-devel-windows-x86_64-new-UL, r-devel-windows-x86_64-old, r-patched-solaris-x86, r-release-macos-arm64, r-release-macos-x86_64, r-release-windows-ix86+x86_64, r-oldrel-macos-x86_64, r-oldrel-windows-ix86+x86_64