Last updated on 2025-01-25 03:50:10 CET.
Flavor | Version | Tinstall | Tcheck | Ttotal | Status | Flags |
---|---|---|---|---|---|---|
r-devel-linux-x86_64-debian-clang | 1.2.7 | 552.01 | 243.51 | 795.52 | OK | |
r-devel-linux-x86_64-debian-gcc | 1.2.7 | 517.69 | 213.36 | 731.05 | OK | |
r-devel-linux-x86_64-fedora-clang | 1.2.7 | 1262.75 | OK | |||
r-devel-linux-x86_64-fedora-gcc | 1.2.7 | 1391.61 | OK | |||
r-devel-windows-x86_64 | 1.2.7 | 518.00 | 283.00 | 801.00 | OK | |
r-patched-linux-x86_64 | 1.2.7 | 664.34 | 282.01 | 946.35 | NOTE | |
r-release-linux-x86_64 | 1.2.7 | 624.21 | 279.83 | 904.04 | NOTE | |
r-release-macos-arm64 | 1.2.7 | 226.00 | NOTE | |||
r-release-macos-x86_64 | 1.2.7 | 295.00 | NOTE | |||
r-release-windows-x86_64 | 1.2.7 | 492.00 | 296.00 | 788.00 | NOTE | |
r-oldrel-macos-arm64 | 1.2.7 | 292.00 | NOTE | |||
r-oldrel-macos-x86_64 | 1.2.7 | 313.00 | NOTE | |||
r-oldrel-windows-x86_64 | 1.2.7 | 691.00 | 373.00 | 1064.00 | NOTE |
Version: 1.2.7
Check: for GNU extensions in Makefiles
Result: NOTE
GNU make is a SystemRequirements.
Flavors: r-patched-linux-x86_64, r-release-linux-x86_64, r-release-macos-arm64, r-release-macos-x86_64, r-release-windows-x86_64, r-oldrel-macos-arm64, r-oldrel-macos-x86_64, r-oldrel-windows-x86_64
Version: 1.2.7
Check: installed package size
Result: NOTE
installed size is 128.9Mb
sub-directories of 1Mb or more:
R 2.0Mb
libs 125.6Mb
Flavors: r-release-macos-arm64, r-release-macos-x86_64, r-release-windows-x86_64, r-oldrel-macos-arm64, r-oldrel-macos-x86_64, r-oldrel-windows-x86_64