CRAN Package Check Results for Package twangMediation

Last updated on 2024-07-20 15:48:58 CEST.

Flavor Version Tinstall Tcheck Ttotal Status Flags
r-devel-linux-x86_64-debian-clang 1.2 10.65 154.33 164.98 OK
r-devel-linux-x86_64-debian-gcc 1.2 8.72 114.43 123.15 OK
r-devel-linux-x86_64-fedora-clang 1.2 188.83 OK
r-devel-linux-x86_64-fedora-gcc 1.2 205.26 OK
r-devel-windows-x86_64 1.2 12.00 141.00 153.00 NOTE
r-patched-linux-x86_64 1.2 13.34 146.85 160.19 OK
r-release-linux-x86_64 1.2 9.76 144.22 153.98 OK
r-release-macos-arm64 1.2 61.00 OK
r-release-macos-x86_64 1.2 97.00 OK
r-release-windows-x86_64 1.2 10.00 140.00 150.00 OK
r-oldrel-macos-arm64 1.2 73.00 OK
r-oldrel-macos-x86_64 1.2 106.00 OK
r-oldrel-windows-x86_64 1.2 14.00 165.00 179.00 OK

Check Details

Version: 1.2
Check: Rd cross-references
Result: NOTE Found the following Rd file(s) with Rd \link{} targets missing package anchors: dx.wts.mediation.Rd: ps wgtmed.Rd: gbm, ps, twang Please provide package anchors for all Rd \link{} targets not in the package itself and the base packages. Flavor: r-devel-windows-x86_64