Last updated on 2023-02-04 16:56:04 CET.
Flavor | Version | Tinstall | Tcheck | Ttotal | Status | Flags |
---|---|---|---|---|---|---|
r-devel-linux-x86_64-debian-clang | 1.0.0 | 9.91 | 84.28 | 94.19 | OK | |
r-devel-linux-x86_64-debian-gcc | 1.0.0 | 6.58 | 65.28 | 71.86 | OK | |
r-devel-linux-x86_64-fedora-clang | 1.0.0 | 118.31 | NOTE | |||
r-devel-linux-x86_64-fedora-gcc | 1.0.0 | 133.93 | NOTE | |||
r-devel-windows-x86_64 | 1.0.0 | 31.00 | 114.00 | 145.00 | OK | |
r-patched-linux-x86_64 | 1.0.0 | 7.69 | 84.02 | 91.71 | OK | |
r-release-linux-x86_64 | 1.0.0 | 7.21 | 82.10 | 89.31 | OK | |
r-release-macos-arm64 | 1.0.0 | 37.00 | NOTE | |||
r-release-macos-x86_64 | 1.0.0 | 52.00 | NOTE | |||
r-release-windows-x86_64 | 1.0.0 | 25.00 | 129.00 | 154.00 | OK | |
r-oldrel-macos-arm64 | 1.0.0 | 46.00 | NOTE | |||
r-oldrel-macos-x86_64 | 1.0.0 | 66.00 | NOTE | |||
r-oldrel-windows-ix86+x86_64 | 1.0.0 | 19.00 | 116.00 | 135.00 | OK |
Version: 1.0.0
Check: dependencies in R code
Result: NOTE
Namespace in Imports field not imported from: ‘Rcpp’
All declared Imports should be used.
Flavors: r-devel-linux-x86_64-fedora-clang, r-devel-linux-x86_64-fedora-gcc, r-release-macos-arm64, r-release-macos-x86_64, r-oldrel-macos-arm64, r-oldrel-macos-x86_64