CRAN Package Check Results for Package tutorial

Last updated on 2022-07-03 03:50:10 CEST.

Flavor Version Tinstall Tcheck Ttotal Status Flags
r-devel-linux-x86_64-debian-clang 0.4.3 1.56 33.66 35.22 NOTE
r-devel-linux-x86_64-debian-gcc 0.4.3 1.80 26.55 28.35 NOTE
r-devel-linux-x86_64-fedora-clang 0.4.3 54.77 NOTE
r-devel-linux-x86_64-fedora-gcc 0.4.3 53.42 NOTE
r-devel-windows-x86_64 0.4.3 15.00 72.00 87.00 NOTE
r-patched-linux-x86_64 0.4.3 1.78 32.79 34.57 NOTE
r-release-linux-x86_64 0.4.3 2.23 32.77 35.00 NOTE
r-release-macos-arm64 0.4.3 25.00 NOTE
r-release-macos-x86_64 0.4.3 31.00 NOTE
r-release-windows-x86_64 0.4.3 17.00 74.00 91.00 NOTE
r-oldrel-macos-arm64 0.4.3 23.00 NOTE
r-oldrel-macos-x86_64 0.4.3 30.00 NOTE
r-oldrel-windows-ix86+x86_64 0.4.3 6.00 67.00 73.00 NOTE

Check Details

Version: 0.4.3
Check: LazyData
Result: NOTE
     'LazyData' is specified without a 'data' directory
Flavors: r-devel-linux-x86_64-debian-clang, r-devel-linux-x86_64-debian-gcc, r-devel-linux-x86_64-fedora-clang, r-devel-linux-x86_64-fedora-gcc, r-devel-windows-x86_64, r-patched-linux-x86_64, r-release-linux-x86_64, r-release-macos-arm64, r-release-macos-x86_64, r-release-windows-x86_64, r-oldrel-macos-arm64, r-oldrel-macos-x86_64, r-oldrel-windows-ix86+x86_64