CRAN Package Check Results for Package tuneRanger

Last updated on 2021-12-03 03:55:49 CET.

Flavor Version Tinstall Tcheck Ttotal Status Flags
r-devel-linux-x86_64-debian-clang 0.5 14.12 143.76 157.88 NOTE
r-devel-linux-x86_64-debian-gcc 0.5 11.55 108.10 119.65 NOTE
r-devel-linux-x86_64-fedora-clang 0.5 213.77 NOTE
r-devel-linux-x86_64-fedora-gcc 0.5 187.75 NOTE
r-devel-windows-x86_64-new-UL 0.5 24.00 202.00 226.00 NOTE
r-devel-windows-x86_64-new-TK 0.5 NOTE
r-devel-windows-x86_64-old 0.5 21.00 124.00 145.00 NOTE
r-patched-linux-x86_64 0.5 12.86 135.48 148.34 NOTE
r-patched-solaris-x86 0.5 285.10 NOTE
r-release-linux-x86_64 0.5 15.43 135.53 150.96 NOTE
r-release-macos-arm64 0.5 NOTE
r-release-macos-x86_64 0.5 NOTE
r-release-windows-ix86+x86_64 0.5 32.00 174.00 206.00 NOTE
r-oldrel-macos-x86_64 0.5 OK
r-oldrel-windows-ix86+x86_64 0.5 32.00 175.00 207.00 OK

Check Details

Version: 0.5
Check: LazyData
Result: NOTE
     'LazyData' is specified without a 'data' directory
Flavors: r-devel-linux-x86_64-debian-clang, r-devel-linux-x86_64-debian-gcc, r-devel-linux-x86_64-fedora-clang, r-devel-linux-x86_64-fedora-gcc, r-devel-windows-x86_64-new-UL, r-devel-windows-x86_64-new-TK, r-devel-windows-x86_64-old, r-patched-linux-x86_64, r-patched-solaris-x86, r-release-linux-x86_64, r-release-macos-arm64, r-release-macos-x86_64, r-release-windows-ix86+x86_64

Version: 0.5
Check: Rd cross-references
Result: NOTE
    Undeclared package ‘randomForest’ in Rd xrefs
Flavor: r-devel-linux-x86_64-fedora-clang