CRAN Package Check Results for Package tukeytrend

Last updated on 2024-06-22 03:49:44 CEST.

Flavor Version Tinstall Tcheck Ttotal Status Flags
r-devel-linux-x86_64-debian-clang 0.7 13.20 262.05 275.25 OK
r-devel-linux-x86_64-debian-gcc 0.7 10.21 204.30 214.51 OK
r-devel-linux-x86_64-fedora-clang 0.7 245.24 OK
r-devel-linux-x86_64-fedora-gcc 0.7 355.13 OK
r-devel-windows-x86_64 0.7 12.00 231.00 243.00 OK
r-patched-linux-x86_64 0.7 14.02 268.25 282.27 OK
r-release-linux-x86_64 0.7 9.97 268.37 278.34 OK
r-release-macos-arm64 0.7 129.00 OK
r-release-macos-x86_64 0.7 203.00 WARN
r-release-windows-x86_64 0.7 11.00 237.00 248.00 OK
r-oldrel-macos-arm64 0.7 142.00 OK
r-oldrel-macos-x86_64 0.7 216.00 OK
r-oldrel-windows-x86_64 0.7 15.00 269.00 284.00 OK

Check Details

Version: 0.7
Check: re-building of vignette outputs
Result: WARN Error(s) in re-building vignettes: ... --- re-building ‘ExamplesTukeytrendtest.Rnw’ using knitr Error: processing vignette 'ExamplesTukeytrendtest.Rnw' failed with diagnostics: Running 'texi2dvi' on 'ExamplesTukeytrendtest.tex' failed. LaTeX errors: ! Undefined control sequence. l.157 \hlkwd{library}\hldef {(}\hlsng{"xtable"}\hldef{)} ? ! Emergency stop. ! Emergency stop. l.157 End of file on the terminal! ! ==> Fatal error occurred, no output PDF file produced! --- failed re-building ‘ExamplesTukeytrendtest.Rnw’ SUMMARY: processing the following file failed: ‘ExamplesTukeytrendtest.Rnw’ Error: Vignette re-building failed. Execution halted Flavor: r-release-macos-x86_64