CRAN Package Check Results for Package tubern

Last updated on 2022-01-27 04:05:40 CET.

Flavor Version Tinstall Tcheck Ttotal Status Flags
r-devel-linux-x86_64-debian-clang 0.1.0 1.60 37.28 38.88 NOTE
r-devel-linux-x86_64-debian-gcc 0.1.0 1.76 29.75 31.51 NOTE
r-devel-linux-x86_64-fedora-clang 0.1.0 48.66 NOTE
r-devel-linux-x86_64-fedora-gcc 0.1.0 37.61 NOTE
r-devel-windows-x86_64-new-UL 0.1.0 29.00 71.00 100.00 NOTE
r-devel-windows-x86_64-new-TK 0.1.0 NOTE
r-patched-linux-x86_64 0.1.0 4.64 35.35 39.99 NOTE
r-release-linux-x86_64 0.1.0 2.21 35.38 37.59 NOTE
r-release-macos-arm64 0.1.0 NOTE
r-release-macos-x86_64 0.1.0 NOTE
r-release-windows-ix86+x86_64 0.1.0 6.00 47.00 53.00 NOTE
r-oldrel-macos-x86_64 0.1.0 OK
r-oldrel-windows-ix86+x86_64 0.1.0 6.00 47.00 53.00 OK

Check Details

Version: 0.1.0
Check: LazyData
Result: NOTE
     'LazyData' is specified without a 'data' directory
Flavors: r-devel-linux-x86_64-debian-clang, r-devel-linux-x86_64-debian-gcc, r-devel-linux-x86_64-fedora-clang, r-devel-linux-x86_64-fedora-gcc, r-devel-windows-x86_64-new-UL, r-devel-windows-x86_64-new-TK, r-patched-linux-x86_64, r-release-linux-x86_64, r-release-macos-arm64, r-release-macos-x86_64, r-release-windows-ix86+x86_64