CRAN Package Check Results for Package tsfeatures

Last updated on 2021-10-24 15:51:21 CEST.

Flavor Version Tinstall Tcheck Ttotal Status Flags
r-devel-linux-x86_64-debian-clang 1.0.2 7.43 100.07 107.50 NOTE
r-devel-linux-x86_64-debian-gcc 1.0.2 5.66 74.60 80.26 NOTE
r-devel-linux-x86_64-fedora-clang 1.0.2 138.34 NOTE
r-devel-linux-x86_64-fedora-gcc 1.0.2 124.58 NOTE
r-devel-windows-x86_64 1.0.2 14.00 110.00 124.00 NOTE
r-devel-windows-x86_64-gcc10-UCRT 1.0.2 NOTE
r-patched-linux-x86_64 1.0.2 8.07 93.42 101.49 NOTE
r-patched-solaris-x86 1.0.2 176.70 NOTE
r-release-linux-x86_64 1.0.2 7.59 93.61 101.20 NOTE
r-release-macos-arm64 1.0.2 NOTE
r-release-macos-x86_64 1.0.2 NOTE
r-release-windows-ix86+x86_64 1.0.2 14.00 132.00 146.00 NOTE
r-oldrel-macos-x86_64 1.0.2 OK
r-oldrel-windows-ix86+x86_64 1.0.2 24.00 126.00 150.00 OK

Check Details

Version: 1.0.2
Check: LazyData
Result: NOTE
     'LazyData' is specified without a 'data' directory
Flavors: r-devel-linux-x86_64-debian-clang, r-devel-linux-x86_64-debian-gcc, r-devel-linux-x86_64-fedora-clang, r-devel-linux-x86_64-fedora-gcc, r-devel-windows-x86_64, r-devel-windows-x86_64-gcc10-UCRT, r-patched-linux-x86_64, r-patched-solaris-x86, r-release-linux-x86_64, r-release-macos-arm64, r-release-macos-x86_64, r-release-windows-ix86+x86_64