CRAN Package Check Results for Package tseriesChaos

Last updated on 2022-09-24 15:55:33 CEST.

Flavor Version Tinstall Tcheck Ttotal Status Flags
r-devel-linux-x86_64-debian-clang 0.1-13.1 5.14 30.08 35.22 OK
r-devel-linux-x86_64-debian-gcc 0.1-13.1 3.57 23.16 26.73 OK
r-devel-linux-x86_64-fedora-clang 0.1-13.1 55.62 NOTE
r-devel-linux-x86_64-fedora-gcc 0.1-13.1 53.98 NOTE
r-devel-windows-x86_64 0.1-13.1 53.00 50.00 103.00 OK
r-patched-linux-x86_64 0.1-13.1 4.67 28.67 33.34 OK
r-release-linux-x86_64 0.1-13.1 3.91 29.45 33.36 OK
r-release-macos-arm64 0.1-13.1 20.00 OK
r-release-macos-x86_64 0.1-13.1 24.00 OK
r-release-windows-x86_64 0.1-13.1 38.00 55.00 93.00 OK
r-oldrel-macos-arm64 0.1-13.1 25.00 OK
r-oldrel-macos-x86_64 0.1-13.1 33.00 OK
r-oldrel-windows-ix86+x86_64 0.1-13.1 16.00 65.00 81.00 OK

Check Details

Version: 0.1-13.1
Check: compiled code
Result: NOTE
    File ‘tseriesChaos/libs/tseriesChaos.so’:
     Found no calls to: ‘R_registerRoutines’, ‘R_useDynamicSymbols’
    
    It is good practice to register native routines and to disable symbol
    search.
    
    See ‘Writing portable packages’ in the ‘Writing R Extensions’ manual.
Flavors: r-devel-linux-x86_64-fedora-clang, r-devel-linux-x86_64-fedora-gcc