CRAN Package Check Results for Package tsentiment

Last updated on 2022-06-30 03:53:37 CEST.

Flavor Version Tinstall Tcheck Ttotal Status Flags
r-devel-linux-x86_64-debian-clang 1.0.4 12.99 100.37 113.36 OK
r-devel-linux-x86_64-debian-gcc 1.0.4 9.59 73.24 82.83 OK
r-devel-linux-x86_64-fedora-clang 1.0.4 141.32 NOTE
r-devel-linux-x86_64-fedora-gcc 1.0.4 138.50 NOTE
r-devel-windows-x86_64 1.0.4 40.00 121.00 161.00 OK
r-patched-linux-x86_64 1.0.4 9.84 94.40 104.24 OK
r-release-linux-x86_64 1.0.4 7.94 93.71 101.65 OK
r-release-macos-arm64 1.0.4 40.00 NOTE
r-release-macos-x86_64 1.0.4 69.00 NOTE
r-release-windows-x86_64 1.0.4 36.00 115.00 151.00 OK
r-oldrel-macos-arm64 1.0.4 187.00 NOTE
r-oldrel-macos-x86_64 1.0.4 51.00 NOTE
r-oldrel-windows-ix86+x86_64 1.0.4 26.00 114.00 140.00 OK

Check Details

Version: 1.0.4
Check: dependencies in R code
Result: NOTE
    Namespace in Imports field not imported from: ‘wordcloud2’
     All declared Imports should be used.
Flavors: r-devel-linux-x86_64-fedora-clang, r-devel-linux-x86_64-fedora-gcc, r-release-macos-arm64, r-release-macos-x86_64, r-oldrel-macos-arm64, r-oldrel-macos-x86_64