CRAN Package Check Results for Package triplot

Last updated on 2021-10-26 15:51:29 CEST.

Flavor Version Tinstall Tcheck Ttotal Status Flags
r-devel-linux-x86_64-debian-clang 1.3.0 9.43 109.85 119.28 NOTE
r-devel-linux-x86_64-debian-gcc 1.3.0 7.39 81.27 88.66 NOTE
r-devel-linux-x86_64-fedora-clang 1.3.0 152.91 NOTE
r-devel-linux-x86_64-fedora-gcc 1.3.0 139.29 NOTE
r-devel-windows-x86_64 1.3.0 16.00 107.00 123.00 NOTE
r-devel-windows-x86_64-gcc10-UCRT 1.3.0 NOTE
r-patched-linux-x86_64 1.3.0 9.01 100.66 109.67 NOTE
r-patched-solaris-x86 1.3.0 194.80 NOTE
r-release-linux-x86_64 1.3.0 10.51 100.24 110.75 NOTE
r-release-macos-arm64 1.3.0 NOTE
r-release-macos-x86_64 1.3.0 NOTE
r-release-windows-ix86+x86_64 1.3.0 15.00 138.00 153.00 NOTE
r-oldrel-macos-x86_64 1.3.0 OK
r-oldrel-windows-ix86+x86_64 1.3.0 24.00 130.00 154.00 OK

Check Details

Version: 1.3.0
Check: LazyData
Result: NOTE
     'LazyData' is specified without a 'data' directory
Flavors: r-devel-linux-x86_64-debian-clang, r-devel-linux-x86_64-debian-gcc, r-devel-linux-x86_64-fedora-clang, r-devel-linux-x86_64-fedora-gcc, r-devel-windows-x86_64, r-devel-windows-x86_64-gcc10-UCRT, r-patched-linux-x86_64, r-patched-solaris-x86, r-release-linux-x86_64, r-release-macos-arm64, r-release-macos-x86_64, r-release-windows-ix86+x86_64