CRAN Package Check Results for Package triggerstrategy

Last updated on 2022-01-18 03:52:30 CET.

Flavor Version Tinstall Tcheck Ttotal Status Flags
r-devel-linux-x86_64-debian-clang 1.1.0 3.60 55.79 59.39 OK
r-devel-linux-x86_64-debian-gcc 1.1.0 3.17 42.85 46.02 OK
r-devel-linux-x86_64-fedora-clang 1.1.0 73.46 NOTE
r-devel-linux-x86_64-fedora-gcc 1.1.0 62.66 NOTE
r-devel-windows-x86_64-new-UL 1.1.0 74.00 81.00 155.00 OK
r-devel-windows-x86_64-new-TK 1.1.0 NOTE
r-patched-linux-x86_64 1.1.0 4.91 54.86 59.77 OK
r-release-linux-x86_64 1.1.0 OK
r-release-macos-arm64 1.1.0 NOTE
r-release-macos-x86_64 1.1.0 NOTE
r-release-windows-ix86+x86_64 1.1.0 10.00 74.00 84.00 OK
r-oldrel-macos-x86_64 1.1.0 NOTE
r-oldrel-windows-ix86+x86_64 1.1.0 10.00 74.00 84.00 OK

Check Details

Version: 1.1.0
Check: dependencies in R code
Result: NOTE
    Namespace in Imports field not imported from: ‘gsrsb’
     All declared Imports should be used.
Flavors: r-devel-linux-x86_64-fedora-clang, r-devel-linux-x86_64-fedora-gcc, r-devel-windows-x86_64-new-TK, r-release-macos-arm64, r-release-macos-x86_64, r-oldrel-macos-x86_64