CRAN Package Check Results for Package trending

Last updated on 2022-01-24 03:51:47 CET.

Flavor Version Tinstall Tcheck Ttotal Status Flags
r-devel-linux-x86_64-debian-clang 0.0.3 2.87 66.58 69.45 OK
r-devel-linux-x86_64-debian-gcc 0.0.3 2.05 49.53 51.58 OK
r-devel-linux-x86_64-fedora-clang 0.0.3 82.04 OK
r-devel-linux-x86_64-fedora-gcc 0.0.3 70.55 OK
r-devel-windows-x86_64-new-UL 0.0.3 44.00 90.00 134.00 OK
r-devel-windows-x86_64-new-TK 0.0.3 ERROR
r-patched-linux-x86_64 0.0.3 2.39 66.36 68.75 OK
r-release-linux-x86_64 0.0.3 2.07 65.57 67.64 OK
r-release-macos-arm64 0.0.3 OK
r-release-macos-x86_64 0.0.3 OK
r-release-windows-ix86+x86_64 0.0.3 7.00 80.00 87.00 OK
r-oldrel-macos-x86_64 0.0.3 OK
r-oldrel-windows-ix86+x86_64 0.0.3 6.00 82.00 88.00 OK

Check Details

Version: 0.0.3
Check: package dependencies
Result: ERROR
    Package required but not available: 'ciTools'
    
    See section 'The DESCRIPTION file' in the 'Writing R Extensions'
    manual.
Flavor: r-devel-windows-x86_64-new-TK