CRAN Package Check Results for Package treenomial

Last updated on 2021-12-03 03:55:49 CET.

Flavor Version Tinstall Tcheck Ttotal Status Flags
r-devel-linux-x86_64-debian-clang 1.1.3 82.80 41.27 124.07 OK
r-devel-linux-x86_64-debian-gcc 1.1.3 62.13 32.52 94.65 OK
r-devel-linux-x86_64-fedora-clang 1.1.3 213.13 NOTE
r-devel-linux-x86_64-fedora-gcc 1.1.3 175.59 OK
r-devel-windows-x86_64-new-UL 1.1.3 111.00 107.00 218.00 OK
r-devel-windows-x86_64-new-TK 1.1.3 OK
r-devel-windows-x86_64-old 1.1.3 109.00 57.00 166.00 OK
r-patched-linux-x86_64 1.1.3 74.04 38.13 112.17 OK
r-patched-solaris-x86 1.1.3 160.40 OK
r-release-linux-x86_64 1.1.3 77.44 38.48 115.92 OK
r-release-macos-arm64 1.1.3 NOTE
r-release-macos-x86_64 1.1.3 NOTE
r-release-windows-ix86+x86_64 1.1.3 218.00 100.00 318.00 OK
r-oldrel-macos-x86_64 1.1.3 NOTE
r-oldrel-windows-ix86+x86_64 1.1.3 212.00 100.00 312.00 OK

Check Details

Version: 1.1.3
Check: installed package size
Result: NOTE
     installed size is 5.9Mb
     sub-directories of 1Mb or more:
     libs 5.7Mb
Flavors: r-devel-linux-x86_64-fedora-clang, r-release-macos-arm64, r-release-macos-x86_64, r-oldrel-macos-x86_64