CRAN Package Check Results for Package treeClust

Last updated on 2024-07-21 15:53:47 CEST.

Flavor Version Tinstall Tcheck Ttotal Status Flags
r-devel-linux-x86_64-debian-clang 1.1-7 3.46 26.85 30.31 OK
r-devel-linux-x86_64-debian-gcc 1.1-7 2.22 19.96 22.18 NOTE
r-devel-linux-x86_64-fedora-clang 1.1-7 39.46 OK
r-devel-linux-x86_64-fedora-gcc 1.1-7 35.33 OK
r-devel-windows-x86_64 1.1-7 4.00 44.00 48.00 NOTE
r-patched-linux-x86_64 1.1-7 3.04 25.20 28.24 OK
r-release-linux-x86_64 1.1-7 2.68 25.51 28.19 OK
r-release-macos-arm64 1.1-7 16.00 OK
r-release-macos-x86_64 1.1-7 26.00 OK
r-release-windows-x86_64 1.1-7 4.00 42.00 46.00 OK
r-oldrel-macos-arm64 1.1-7 15.00 OK
r-oldrel-macos-x86_64 1.1-7 21.00 OK
r-oldrel-windows-x86_64 1.1-7 5.00 43.00 48.00 OK

Check Details

Version: 1.1-7
Check: Rd cross-references
Result: NOTE Found the following Rd file(s) with Rd \link{} targets missing package anchors: rpart.predict.leaves.Rd: rpart treeClust.Rd: rpart.control treeClust.dist.Rd: daisy Please provide package anchors for all Rd \link{} targets not in the package itself and the base packages. Flavors: r-devel-linux-x86_64-debian-gcc, r-devel-windows-x86_64