CRAN Package Check Results for Package transfR

Last updated on 2022-06-25 15:51:35 CEST.

Flavor Version Tinstall Tcheck Ttotal Status Flags
r-devel-linux-x86_64-debian-clang 0.1.2 7.71 105.40 113.11 NOTE
r-devel-linux-x86_64-debian-gcc 0.1.2 6.46 79.18 85.64 NOTE
r-devel-linux-x86_64-fedora-clang 0.1.2 84.13 NOTE
r-devel-linux-x86_64-fedora-gcc 0.1.2 138.27 NOTE
r-devel-windows-x86_64 0.1.2 27.00 271.00 298.00 NOTE
r-patched-linux-x86_64 0.1.2 9.64 98.99 108.63 OK
r-release-linux-x86_64 0.1.2 6.06 99.99 106.05 OK
r-release-macos-arm64 0.1.2 92.00 OK
r-release-macos-x86_64 0.1.2 121.00 OK
r-release-windows-x86_64 0.1.2 30.00 270.00 300.00 OK
r-oldrel-macos-arm64 0.1.2 95.00 OK
r-oldrel-macos-x86_64 0.1.2 123.00 OK
r-oldrel-windows-ix86+x86_64 0.1.2 24.00 337.00 361.00 OK

Check Details

Version: 0.1.2
Check: Rd files
Result: NOTE
    checkRd: (-1) as_transfr.Rd:74: Escaped LaTeX specials: \&
    checkRd: (-1) as_transfr.Rd:76: Escaped LaTeX specials: \&
Flavors: r-devel-linux-x86_64-debian-clang, r-devel-linux-x86_64-debian-gcc, r-devel-linux-x86_64-fedora-clang, r-devel-linux-x86_64-fedora-gcc, r-devel-windows-x86_64