CRAN Package Check Results for Package trajr

Last updated on 2022-09-25 15:56:56 CEST.

Flavor Version Tinstall Tcheck Ttotal Status Flags
r-devel-linux-x86_64-debian-clang 1.4.0 4.58 273.79 278.37 NOTE
r-devel-linux-x86_64-debian-gcc 1.4.0 3.56 188.43 191.99 NOTE
r-devel-linux-x86_64-fedora-clang 1.4.0 338.95 NOTE
r-devel-linux-x86_64-fedora-gcc 1.4.0 339.48 NOTE
r-devel-windows-x86_64 1.4.0 68.00 310.00 378.00 NOTE
r-patched-linux-x86_64 1.4.0 3.87 262.84 266.71 NOTE
r-release-linux-x86_64 1.4.0 3.22 268.37 271.59 NOTE
r-release-macos-arm64 1.4.0 73.00 NOTE
r-release-macos-x86_64 1.4.0 108.00 NOTE
r-release-windows-x86_64 1.4.0 108.00 313.00 421.00 NOTE
r-oldrel-macos-arm64 1.4.0 80.00 NOTE
r-oldrel-macos-x86_64 1.4.0 160.00 NOTE
r-oldrel-windows-ix86+x86_64 1.4.0 8.00 329.00 337.00 NOTE

Check Details

Version: 1.4.0
Check: LazyData
Result: NOTE
     'LazyData' is specified without a 'data' directory
Flavors: r-devel-linux-x86_64-debian-clang, r-devel-linux-x86_64-debian-gcc, r-devel-linux-x86_64-fedora-clang, r-devel-linux-x86_64-fedora-gcc, r-devel-windows-x86_64, r-patched-linux-x86_64, r-release-linux-x86_64, r-release-macos-arm64, r-release-macos-x86_64, r-release-windows-x86_64, r-oldrel-macos-arm64, r-oldrel-macos-x86_64, r-oldrel-windows-ix86+x86_64