CRAN Package Check Results for Package tractor.base

Last updated on 2022-01-23 02:56:28 CET.

Flavor Version Tinstall Tcheck Ttotal Status Flags
r-devel-linux-x86_64-debian-clang 3.3.3.1 11.92 75.38 87.30 NOTE
r-devel-linux-x86_64-debian-gcc 3.3.3.1 8.50 56.15 64.65 NOTE
r-devel-linux-x86_64-fedora-clang 3.3.3.1 104.96 NOTE
r-devel-linux-x86_64-fedora-gcc 3.3.3.1 93.15 NOTE
r-devel-windows-x86_64-new-UL 3.3.3.1 167.00 94.00 261.00 NOTE
r-devel-windows-x86_64-new-TK 3.3.3.1 NOTE
r-patched-linux-x86_64 3.3.3.1 12.22 70.91 83.13 NOTE
r-release-linux-x86_64 3.3.3.1 11.34 72.15 83.49 NOTE
r-release-macos-arm64 3.3.3.1 NOTE
r-release-macos-x86_64 3.3.3.1 NOTE
r-release-windows-ix86+x86_64 3.3.3.1 21.00 87.00 108.00 NOTE
r-oldrel-macos-x86_64 3.3.3.1 OK
r-oldrel-windows-ix86+x86_64 3.3.3.1 23.00 87.00 110.00 OK

Check Details

Version: 3.3.3.1
Check: LazyData
Result: NOTE
     'LazyData' is specified without a 'data' directory
Flavors: r-devel-linux-x86_64-debian-clang, r-devel-linux-x86_64-debian-gcc, r-devel-linux-x86_64-fedora-clang, r-devel-linux-x86_64-fedora-gcc, r-devel-windows-x86_64-new-UL, r-devel-windows-x86_64-new-TK, r-patched-linux-x86_64, r-release-linux-x86_64, r-release-macos-arm64, r-release-macos-x86_64, r-release-windows-ix86+x86_64