CRAN Package Check Results for Package trackeR

Last updated on 2024-07-24 03:49:30 CEST.

Flavor Version Tinstall Tcheck Ttotal Status Flags
r-devel-linux-x86_64-debian-clang 1.6.0 13.54 293.65 307.19 OK
r-devel-linux-x86_64-debian-gcc 1.6.0 11.16 216.94 228.10 NOTE
r-devel-linux-x86_64-fedora-clang 1.6.0 398.60 NOTE
r-devel-linux-x86_64-fedora-gcc 1.6.0 395.76 OK
r-devel-windows-x86_64 1.6.0 14.00 255.00 269.00 NOTE
r-patched-linux-x86_64 1.6.0 20.28 281.62 301.90 OK
r-release-linux-x86_64 1.6.0 10.32 284.44 294.76 OK
r-release-macos-arm64 1.6.0 113.00 NOTE
r-release-macos-x86_64 1.6.0 183.00 NOTE
r-release-windows-x86_64 1.6.0 14.00 261.00 275.00 NOTE
r-oldrel-macos-arm64 1.6.0 145.00 NOTE
r-oldrel-macos-x86_64 1.6.0 294.00 NOTE
r-oldrel-windows-x86_64 1.6.0 18.00 309.00 327.00 NOTE

Check Details

Version: 1.6.0
Check: Rd cross-references
Result: NOTE Found the following Rd file(s) with Rd \link{} targets missing package anchors: Wprime.Rd: foreach read_directory.Rd: foreach smoother_control.trackeRdata.Rd: foreach zones.Rd: foreach Please provide package anchors for all Rd \link{} targets not in the package itself and the base packages. Flavors: r-devel-linux-x86_64-debian-gcc, r-devel-windows-x86_64

Version: 1.6.0
Check: installed package size
Result: NOTE installed size is 6.2Mb sub-directories of 1Mb or more: data 2.2Mb doc 2.8Mb Flavors: r-devel-linux-x86_64-fedora-clang, r-devel-windows-x86_64, r-release-macos-arm64, r-release-macos-x86_64, r-release-windows-x86_64, r-oldrel-macos-arm64, r-oldrel-macos-x86_64, r-oldrel-windows-x86_64