CRAN Package Check Results for Package toxEval

Last updated on 2021-10-25 04:00:31 CEST.

Flavor Version Tinstall Tcheck Ttotal Status Flags
r-devel-linux-x86_64-debian-clang 1.2.0 18.66 172.82 191.48 NOTE
r-devel-linux-x86_64-debian-gcc 1.2.0 16.22 126.67 142.89 NOTE
r-devel-linux-x86_64-fedora-clang 1.2.0 233.09 NOTE
r-devel-linux-x86_64-fedora-gcc 1.2.0 220.86 NOTE
r-devel-windows-x86_64 1.2.0 27.00 187.00 214.00 NOTE
r-devel-windows-x86_64-gcc10-UCRT 1.2.0 NOTE
r-patched-linux-x86_64 1.2.0 16.94 162.51 179.45 NOTE
r-patched-solaris-x86 1.2.0 310.30 NOTE
r-release-linux-x86_64 1.2.0 18.76 161.22 179.98 NOTE
r-release-macos-arm64 1.2.0 NOTE
r-release-macos-x86_64 1.2.0 NOTE
r-release-windows-ix86+x86_64 1.2.0 24.00 221.00 245.00 NOTE
r-oldrel-macos-x86_64 1.2.0 OK
r-oldrel-windows-ix86+x86_64 1.2.0 34.00 209.00 243.00 OK

Check Details

Version: 1.2.0
Check: LazyData
Result: NOTE
     'LazyData' is specified without a 'data' directory
Flavors: r-devel-linux-x86_64-debian-clang, r-devel-linux-x86_64-debian-gcc, r-devel-linux-x86_64-fedora-clang, r-devel-linux-x86_64-fedora-gcc, r-devel-windows-x86_64, r-devel-windows-x86_64-gcc10-UCRT, r-patched-linux-x86_64, r-patched-solaris-x86, r-release-linux-x86_64, r-release-macos-arm64, r-release-macos-x86_64, r-release-windows-ix86+x86_64