CRAN Package Check Results for Package toweranNA

Last updated on 2024-05-26 15:50:08 CEST.

Flavor Version Tinstall Tcheck Ttotal Status Flags
r-devel-linux-x86_64-debian-clang 0.1.0 13.69 111.40 125.09 OK
r-devel-linux-x86_64-debian-gcc 0.1.0 10.49 85.02 95.51 OK
r-devel-linux-x86_64-fedora-clang 0.1.0 165.69 NOTE
r-devel-linux-x86_64-fedora-gcc 0.1.0 148.18 OK
r-devel-windows-x86_64 0.1.0 12.00 91.00 103.00 OK
r-patched-linux-x86_64 0.1.0 8.57 105.97 114.54 OK
r-release-linux-x86_64 0.1.0 9.33 110.20 119.53 OK
r-release-macos-arm64 0.1.0 44.00 OK
r-release-windows-x86_64 0.1.0 12.00 94.00 106.00 OK
r-oldrel-macos-arm64 0.1.0 49.00 OK
r-oldrel-macos-x86_64 0.1.0 78.00 OK
r-oldrel-windows-x86_64 0.1.0 16.00 111.00 127.00 OK

Check Details

Version: 0.1.0
Check: whether startup messages can be suppressed
Result: NOTE OMP: Warning #96: Cannot form a team with 24 threads, using 2 instead. OMP: Hint Consider unsetting KMP_DEVICE_THREAD_LIMIT (KMP_ALL_THREADS), KMP_TEAMS_THREAD_LIMIT, and OMP_THREAD_LIMIT (if any are set). It looks like this package (or a package it requires) has a startup message which cannot be suppressed: see ?packageStartupMessage. Flavor: r-devel-linux-x86_64-fedora-clang