CRAN Package Check Results for Package tourr

Last updated on 2021-12-03 15:52:37 CET.

Flavor Version Tinstall Tcheck Ttotal Status Flags
r-devel-linux-x86_64-debian-clang 0.6.0 6.12 83.05 89.17 OK
r-devel-linux-x86_64-debian-gcc 0.6.0 4.27 61.54 65.81 OK
r-devel-linux-x86_64-fedora-clang 0.6.0 124.53 NOTE
r-devel-linux-x86_64-fedora-gcc 0.6.0 103.49 NOTE
r-devel-windows-x86_64-new-UL 0.6.0 22.00 147.00 169.00 OK
r-devel-windows-x86_64-new-TK 0.6.0 NOTE
r-devel-windows-x86_64-old 0.6.0 10.00 96.00 106.00 OK
r-patched-linux-x86_64 0.6.0 6.79 78.91 85.70 OK
r-release-linux-x86_64 0.6.0 5.13 78.80 83.93 OK
r-release-macos-arm64 0.6.0 NOTE
r-release-macos-x86_64 0.6.0 NOTE
r-release-windows-ix86+x86_64 0.6.0 13.00 124.00 137.00 OK
r-oldrel-macos-x86_64 0.6.0 NOTE
r-oldrel-windows-ix86+x86_64 0.6.0 11.00 124.00 135.00 OK

Check Details

Version: 0.6.0
Check: dependencies in R code
Result: NOTE
    Namespace in Imports field not imported from: ‘tibble’
     All declared Imports should be used.
Flavors: r-devel-linux-x86_64-fedora-clang, r-devel-linux-x86_64-fedora-gcc, r-devel-windows-x86_64-new-TK, r-release-macos-arm64, r-release-macos-x86_64, r-oldrel-macos-x86_64