CRAN Package Check Results for Package topicmodels

Last updated on 2021-11-27 03:58:14 CET.

Flavor Version Tinstall Tcheck Ttotal Status Flags
r-devel-linux-x86_64-debian-clang 0.2-12 12.97 131.56 144.53 NOTE
r-devel-linux-x86_64-debian-gcc 0.2-12 9.23 99.38 108.61 NOTE
r-devel-linux-x86_64-fedora-clang 0.2-12 193.53 NOTE
r-devel-linux-x86_64-fedora-gcc 0.2-12 180.21 NOTE
r-devel-windows-x86_64-new-UL 0.2-12 35.00 257.00 292.00 NOTE
r-devel-windows-x86_64-new-TK 0.2-12 NOTE
r-devel-windows-x86_64-old 0.2-12 18.00 219.00 237.00 NOTE
r-patched-linux-x86_64 0.2-12 12.22 121.40 133.62 NOTE
r-patched-solaris-x86 0.2-12 344.10 NOTE
r-release-linux-x86_64 0.2-12 NOTE
r-release-macos-arm64 0.2-12 NOTE
r-release-macos-x86_64 0.2-12 NOTE
r-release-windows-ix86+x86_64 0.2-12 40.00 197.00 237.00 NOTE
r-oldrel-macos-x86_64 0.2-12 NOTE
r-oldrel-windows-ix86+x86_64 0.2-12 30.00 222.00 252.00 NOTE

Check Details

Version: 0.2-12
Check: package dependencies
Result: NOTE
    Package suggested but not available for checking: 'corpus.JSS.papers'
Flavors: r-devel-linux-x86_64-debian-clang, r-devel-linux-x86_64-debian-gcc, r-devel-linux-x86_64-fedora-clang, r-devel-linux-x86_64-fedora-gcc, r-devel-windows-x86_64-new-UL, r-devel-windows-x86_64-new-TK, r-devel-windows-x86_64-old, r-patched-linux-x86_64, r-patched-solaris-x86, r-release-linux-x86_64, r-release-macos-arm64, r-release-macos-x86_64, r-release-windows-ix86+x86_64, r-oldrel-macos-x86_64, r-oldrel-windows-ix86+x86_64