CRAN Package Check Results for Package tongfen

Last updated on 2021-12-01 03:55:44 CET.

Flavor Version Tinstall Tcheck Ttotal Status Flags
r-devel-linux-x86_64-debian-clang 0.3.3 9.20 165.45 174.65 OK
r-devel-linux-x86_64-debian-gcc 0.3.3 8.09 122.68 130.77 OK
r-devel-linux-x86_64-fedora-clang 0.3.3 215.75 NOTE
r-devel-linux-x86_64-fedora-gcc 0.3.3 192.96 NOTE
r-devel-windows-x86_64-new-UL 0.3.3 21.00 235.00 256.00 OK
r-devel-windows-x86_64-new-TK 0.3.3 NOTE
r-devel-windows-x86_64-old 0.3.3 17.00 180.00 197.00 OK
r-patched-linux-x86_64 0.3.3 9.69 157.43 167.12 OK
r-patched-solaris-x86 0.3.3 140.00 NOTE
r-release-linux-x86_64 0.3.3 6.95 155.37 162.32 OK
r-release-macos-arm64 0.3.3 NOTE
r-release-macos-x86_64 0.3.3 NOTE
r-release-windows-ix86+x86_64 0.3.3 20.00 167.00 187.00 OK
r-oldrel-macos-x86_64 0.3.3 NOTE
r-oldrel-windows-ix86+x86_64 0.3.3 15.00 168.00 183.00 OK

Check Details

Version: 0.3.3
Check: dependencies in R code
Result: NOTE
    Namespace in Imports field not imported from: ‘PROJ’
     All declared Imports should be used.
Flavors: r-devel-linux-x86_64-fedora-clang, r-devel-linux-x86_64-fedora-gcc, r-devel-windows-x86_64-new-TK, r-patched-solaris-x86, r-release-macos-arm64, r-release-macos-x86_64, r-oldrel-macos-x86_64

Version: 0.3.3
Check: data for non-ASCII characters
Result: NOTE
     Note: found 160 marked UTF-8 strings
Flavors: r-devel-linux-x86_64-fedora-clang, r-devel-linux-x86_64-fedora-gcc, r-devel-windows-x86_64-new-TK, r-patched-solaris-x86, r-release-macos-arm64, r-release-macos-x86_64, r-oldrel-macos-x86_64