CRAN Package Check Results for Package tokenizers.bpe

Last updated on 2022-09-24 15:55:33 CEST.

Flavor Version Tinstall Tcheck Ttotal Status Flags
r-devel-linux-x86_64-debian-clang 0.1.0 120.22 30.24 150.46 OK
r-devel-linux-x86_64-debian-gcc 0.1.0 97.87 24.21 122.08 OK
r-devel-linux-x86_64-fedora-clang 0.1.0 226.04 OK
r-devel-linux-x86_64-fedora-gcc 0.1.0 217.21 OK
r-devel-windows-x86_64 0.1.0 101.00 85.00 186.00 OK
r-patched-linux-x86_64 0.1.0 106.00 29.69 135.69 OK
r-release-linux-x86_64 0.1.0 99.34 29.49 128.83 OK
r-release-macos-arm64 0.1.0 52.00 NOTE
r-release-macos-x86_64 0.1.0 73.00 NOTE
r-release-windows-x86_64 0.1.0 113.00 80.00 193.00 OK
r-oldrel-macos-arm64 0.1.0 56.00 NOTE
r-oldrel-macos-x86_64 0.1.0 101.00 NOTE
r-oldrel-windows-ix86+x86_64 0.1.0 277.00 86.00 363.00 OK

Check Details

Version: 0.1.0
Check: installed package size
Result: NOTE
     installed size is 6.2Mb
     sub-directories of 1Mb or more:
     libs 5.2Mb
Flavors: r-release-macos-arm64, r-release-macos-x86_64, r-oldrel-macos-arm64, r-oldrel-macos-x86_64