Last updated on 2023-10-01 05:05:56 CEST.
Flavor | Version | Tinstall | Tcheck | Ttotal | Status | Flags |
---|---|---|---|---|---|---|
r-devel-linux-x86_64-debian-clang | 0.1.3 | 131.82 | 30.00 | 161.82 | OK | |
r-devel-linux-x86_64-debian-gcc | 0.1.3 | 94.48 | 23.87 | 118.35 | OK | |
r-devel-linux-x86_64-fedora-clang | 0.1.3 | 238.13 | OK | |||
r-devel-linux-x86_64-fedora-gcc | 0.1.3 | 259.12 | OK | |||
r-devel-windows-x86_64 | 0.1.3 | 76.00 | 72.00 | 148.00 | OK | |
r-patched-linux-x86_64 | 0.1.3 | 136.89 | 29.34 | 166.23 | OK | |
r-release-linux-x86_64 | 0.1.3 | 138.89 | 29.69 | 168.58 | OK | |
r-release-macos-arm64 | 0.1.3 | 58.00 | NOTE | |||
r-release-macos-x86_64 | 0.1.3 | 94.00 | NOTE | |||
r-release-windows-x86_64 | 0.1.3 | 83.00 | 78.00 | 161.00 | OK | |
r-oldrel-macos-arm64 | 0.1.3 | 68.00 | NOTE | |||
r-oldrel-macos-x86_64 | 0.1.3 | 85.00 | NOTE | |||
r-oldrel-windows-x86_64 | 0.1.3 | 108.00 | 71.00 | 179.00 | OK |
Version: 0.1.3
Check: installed package size
Result: NOTE
installed size is 6.1Mb
sub-directories of 1Mb or more:
libs 5.1Mb
Flavors: r-release-macos-arm64, r-release-macos-x86_64, r-oldrel-macos-arm64, r-oldrel-macos-x86_64