CRAN Package Check Results for Package tokenbrowser

Last updated on 2024-07-18 15:49:14 CEST.

Flavor Version Tinstall Tcheck Ttotal Status Flags
r-devel-linux-x86_64-debian-clang 0.1.5 27.33 43.84 71.17 NOTE
r-devel-linux-x86_64-debian-gcc 0.1.5 16.25 34.39 50.64 NOTE
r-devel-linux-x86_64-fedora-clang 0.1.5 103.91 NOTE
r-devel-linux-x86_64-fedora-gcc 0.1.5 96.43 NOTE
r-devel-windows-x86_64 0.1.5 22.00 81.00 103.00 NOTE
r-patched-linux-x86_64 0.1.5 21.71 41.69 63.40 NOTE
r-release-linux-x86_64 0.1.5 23.05 43.17 66.22 NOTE
r-release-macos-arm64 0.1.5 29.00 NOTE
r-release-macos-x86_64 0.1.5 44.00 NOTE
r-release-windows-x86_64 0.1.5 22.00 80.00 102.00 NOTE
r-oldrel-macos-arm64 0.1.5 35.00 NOTE
r-oldrel-macos-x86_64 0.1.5 50.00 NOTE
r-oldrel-windows-x86_64 0.1.5 20.00 86.00 106.00 NOTE

Check Details

Version: 0.1.5
Check: C++ specification
Result: NOTE Specified C++11: please drop specification unless essential Flavors: r-devel-linux-x86_64-debian-clang, r-devel-linux-x86_64-debian-gcc, r-devel-linux-x86_64-fedora-clang, r-devel-linux-x86_64-fedora-gcc, r-devel-windows-x86_64, r-patched-linux-x86_64, r-release-linux-x86_64, r-release-macos-arm64, r-release-macos-x86_64, r-release-windows-x86_64, r-oldrel-macos-arm64, r-oldrel-macos-x86_64, r-oldrel-windows-x86_64