CRAN Package Check Results for Package toastui

Last updated on 2022-06-25 15:51:35 CEST.

Flavor Version Tinstall Tcheck Ttotal Status Flags
r-devel-linux-x86_64-debian-clang 0.2.1 5.65 68.18 73.83 OK
r-devel-linux-x86_64-debian-gcc 0.2.1 5.44 52.06 57.50 OK
r-devel-linux-x86_64-fedora-clang 0.2.1 99.79 NOTE
r-devel-linux-x86_64-fedora-gcc 0.2.1 98.61 NOTE
r-devel-windows-x86_64 0.2.1 57.00 119.00 176.00 OK
r-patched-linux-x86_64 0.2.1 7.27 65.80 73.07 OK
r-release-linux-x86_64 0.2.1 5.77 65.21 70.98 OK
r-release-macos-arm64 0.2.1 30.00 NOTE
r-release-macos-x86_64 0.2.1 58.00 NOTE
r-release-windows-x86_64 0.2.1 56.00 120.00 176.00 OK
r-oldrel-macos-arm64 0.2.1 33.00 NOTE
r-oldrel-macos-x86_64 0.2.1 43.00 NOTE
r-oldrel-windows-ix86+x86_64 0.2.1 17.00 94.00 111.00 OK

Check Details

Version: 0.2.1
Check: data for non-ASCII characters
Result: NOTE
     Note: found 1 marked UTF-8 string
Flavors: r-devel-linux-x86_64-fedora-clang, r-devel-linux-x86_64-fedora-gcc, r-release-macos-arm64, r-release-macos-x86_64, r-oldrel-macos-arm64, r-oldrel-macos-x86_64