CRAN Package Check Results for Package toOrdinal

Last updated on 2021-12-06 15:52:24 CET.

Flavor Version Tinstall Tcheck Ttotal Status Flags
r-devel-linux-x86_64-debian-clang 1.1-0.0 2.03 35.83 37.86 OK
r-devel-linux-x86_64-debian-gcc 1.1-0.0 1.95 28.79 30.74 OK
r-devel-linux-x86_64-fedora-clang 1.1-0.0 50.27 OK
r-devel-linux-x86_64-fedora-gcc 1.1-0.0 37.78 OK
r-devel-windows-x86_64-new-UL 1.1-0.0 7.00 66.00 73.00 OK
r-devel-windows-x86_64-new-TK 1.1-0.0 OK
r-devel-windows-x86_64-old 1.1-0.0 5.00 37.00 42.00 OK
r-patched-linux-x86_64 1.1-0.0 2.29 26.19 28.48 OK
r-release-linux-x86_64 1.1-0.0 2.27 34.12 36.39 OK
r-release-macos-arm64 1.1-0.0 OK
r-release-macos-x86_64 1.1-0.0 WARN
r-release-windows-ix86+x86_64 1.1-0.0 7.00 43.00 50.00 OK
r-oldrel-macos-x86_64 1.1-0.0 WARN
r-oldrel-windows-ix86+x86_64 1.1-0.0 6.00 45.00 51.00 OK

Check Details

Version: 1.1-0.0
Check: re-building of vignette outputs
Result: WARN
    Error(s) in re-building vignettes:
     ...
    --- re-building ‘toOrdinal.Rmd’ using rmarkdown
    Warning in engine$weave(file, quiet = quiet, encoding = enc) :
     Pandoc (>= 1.12.3) not available. Falling back to R Markdown v1.
    Quitting from lines 13-26 (toOrdinal.Rmd)
    Error: processing vignette 'toOrdinal.Rmd' failed with diagnostics:
    argument is of length zero
    --- failed re-building ‘toOrdinal.Rmd’
    
    SUMMARY: processing the following file failed:
     ‘toOrdinal.Rmd’
    
    Error: Vignette re-building failed.
    Execution halted
Flavor: r-release-macos-x86_64

Version: 1.1-0.0
Check: re-building of vignette outputs
Result: WARN
    Error(s) in re-building vignettes:
     ...
    --- re-building ‘toOrdinal.Rmd’ using rmarkdown
    Warning in engine$weave(file, quiet = quiet, encoding = enc) :
     Pandoc (>= 1.12.3) and/or pandoc-citeproc not available. Falling back to R Markdown v1.
    Quitting from lines 13-26 (toOrdinal.Rmd)
    Error: processing vignette 'toOrdinal.Rmd' failed with diagnostics:
    argument is of length zero
    --- failed re-building ‘toOrdinal.Rmd’
    
    SUMMARY: processing the following file failed:
     ‘toOrdinal.Rmd’
    
    Error: Vignette re-building failed.
    Execution halted
Flavor: r-oldrel-macos-x86_64