CRAN Package Check Results for Package tm.plugin.dc

Last updated on 2021-12-02 15:52:56 CET.

Flavor Version Tinstall Tcheck Ttotal Status Flags
r-devel-linux-x86_64-debian-clang 0.2-10 2.66 30.12 32.78 ERROR
r-devel-linux-x86_64-debian-gcc 0.2-10 2.45 23.91 26.36 OK
r-devel-linux-x86_64-fedora-clang 0.2-10 54.23 OK
r-devel-linux-x86_64-fedora-gcc 0.2-10 40.07 OK
r-devel-windows-x86_64-new-UL 0.2-10 9.00 66.00 75.00 OK
r-devel-windows-x86_64-new-TK 0.2-10 OK
r-devel-windows-x86_64-old 0.2-10 6.00 40.00 46.00 OK
r-patched-linux-x86_64 0.2-10 2.69 29.16 31.85 OK
r-patched-solaris-x86 0.2-10 62.60 OK
r-release-linux-x86_64 0.2-10 2.71 29.10 31.81 OK
r-release-macos-arm64 0.2-10 OK
r-release-macos-x86_64 0.2-10 OK
r-release-windows-ix86+x86_64 0.2-10 8.00 48.00 56.00 OK
r-oldrel-macos-x86_64 0.2-10 OK
r-oldrel-windows-ix86+x86_64 0.2-10 8.00 53.00 61.00 OK

Check Details

Version: 0.2-10
Check: examples
Result: ERROR
    Running examples in 'tm.plugin.dc-Ex.R' failed
    The error most likely occurred in:
    
    > base::assign(".ptime", proc.time(), pos = "CheckExEnv")
    > ### Name: tm_map.DCorpus
    > ### Title: Transformations on Distributed Corpora
    > ### Aliases: tm_map.DCorpus
    >
    > ### ** Examples
    >
    > data("crude")
    > tm_map(as.DCorpus(crude), content_transformer(tolower))
    Warning in file(con, "w") :
     cannot open file '/tmp/Rtmplj2biv/DSL-20211201-035156-ydgabwknrs/chunk-5b817a8898ed': No such file or directory
    Error in file(con, "w") : cannot open the connection
    Calls: tm_map ... DS_write_lines -> <Anonymous> -> <Anonymous> -> file
    Execution halted
Flavor: r-devel-linux-x86_64-debian-clang