CRAN Package Check Results for Package tkrplot

Last updated on 2021-11-30 15:52:36 CET.

Flavor Version Tinstall Tcheck Ttotal Status Flags
r-devel-linux-x86_64-debian-clang 0.0-26 3.23 22.22 25.45 NOTE
r-devel-linux-x86_64-debian-gcc 0.0-26 2.60 18.64 21.24 NOTE
r-devel-linux-x86_64-fedora-clang 0.0-26 46.75 NOTE
r-devel-linux-x86_64-fedora-gcc 0.0-26 33.58 NOTE
r-devel-windows-x86_64-new-UL 0.0-26 10.00 57.00 67.00 OK
r-devel-windows-x86_64-new-TK 0.0-26 OK
r-devel-windows-x86_64-old 0.0-26 8.00 32.00 40.00 OK
r-patched-linux-x86_64 0.0-26 2.98 22.42 25.40 NOTE
r-patched-solaris-x86 0.0-26 50.00 NOTE
r-release-linux-x86_64 0.0-26 3.10 22.41 25.51 NOTE
r-release-macos-arm64 0.0-26 OK
r-release-macos-x86_64 0.0-26 OK
r-release-windows-ix86+x86_64 0.0-26 11.00 50.00 61.00 OK
r-oldrel-macos-x86_64 0.0-26 OK
r-oldrel-windows-ix86+x86_64 0.0-26 8.00 38.00 46.00 OK

Check Details

Version: 0.0-26
Check: R code for possible problems
Result: NOTE
    Found an obsolete/platform-specific call in the following function:
     '.my.tkdev'
    Found the platform-specific device:
     'X11'
    dev.new() is the preferred way to open a new device, in the unlikely
    event one is needed.
Flavors: r-devel-linux-x86_64-debian-clang, r-devel-linux-x86_64-debian-gcc, r-devel-linux-x86_64-fedora-clang, r-devel-linux-x86_64-fedora-gcc, r-patched-linux-x86_64, r-patched-solaris-x86, r-release-linux-x86_64