CRAN Package Check Results for Package tipsae

Last updated on 2022-10-02 15:54:40 CEST.

Flavor Version Tinstall Tcheck Ttotal Status Flags
r-devel-linux-x86_64-debian-clang 0.0.7 194.48 160.15 354.63 NOTE
r-devel-linux-x86_64-debian-gcc 0.0.7 164.64 122.11 286.75 NOTE
r-devel-linux-x86_64-fedora-clang 0.0.7 359.98 NOTE
r-devel-linux-x86_64-fedora-gcc 0.0.7 454.40 NOTE
r-devel-windows-x86_64 0.0.7 180.00 233.00 413.00 NOTE
r-patched-linux-x86_64 0.0.7 174.38 132.65 307.03 NOTE
r-release-linux-x86_64 0.0.7 140.57 154.13 294.70 NOTE
r-release-macos-arm64 0.0.7 99.00 NOTE
r-release-macos-x86_64 0.0.7 176.00 NOTE
r-release-windows-x86_64 0.0.7 202.00 229.00 431.00 NOTE
r-oldrel-macos-arm64 0.0.7 95.00 NOTE
r-oldrel-macos-x86_64 0.0.7 183.00 NOTE
r-oldrel-windows-ix86+x86_64 0.0.7 377.00 294.00 671.00 NOTE

Check Details

Version: 0.0.7
Check: for GNU extensions in Makefiles
Result: NOTE
    GNU make is a SystemRequirements.
Flavors: r-devel-linux-x86_64-debian-clang, r-devel-linux-x86_64-debian-gcc, r-devel-linux-x86_64-fedora-clang, r-devel-linux-x86_64-fedora-gcc, r-devel-windows-x86_64, r-patched-linux-x86_64, r-release-linux-x86_64, r-release-macos-arm64, r-release-macos-x86_64, r-release-windows-x86_64, r-oldrel-macos-arm64, r-oldrel-macos-x86_64, r-oldrel-windows-ix86+x86_64

Version: 0.0.7
Check: installed package size
Result: NOTE
     installed size is 7.3Mb
     sub-directories of 1Mb or more:
     doc 2.3Mb
     libs 3.0Mb
Flavors: r-devel-linux-x86_64-fedora-clang, r-devel-windows-x86_64, r-release-macos-arm64, r-release-macos-x86_64, r-release-windows-x86_64, r-oldrel-macos-arm64, r-oldrel-macos-x86_64, r-oldrel-windows-ix86+x86_64

Version: 0.0.7
Check: data for non-ASCII characters
Result: NOTE
     Note: found 1 marked UTF-8 string
Flavors: r-devel-linux-x86_64-fedora-clang, r-devel-linux-x86_64-fedora-gcc, r-release-macos-arm64, r-release-macos-x86_64, r-oldrel-macos-arm64, r-oldrel-macos-x86_64