CRAN Package Check Results for Package tinter

Last updated on 2024-07-20 15:48:58 CEST.

Flavor Version Tinstall Tcheck Ttotal Status Flags
r-devel-linux-x86_64-debian-clang 0.1.0 3.37 29.91 33.28 NOTE
r-devel-linux-x86_64-debian-gcc 0.1.0 2.06 22.74 24.80 NOTE
r-devel-linux-x86_64-fedora-clang 0.1.0 41.07 NOTE
r-devel-linux-x86_64-fedora-gcc 0.1.0 39.86 NOTE
r-devel-windows-x86_64 0.1.0 4.00 45.00 49.00 NOTE
r-patched-linux-x86_64 0.1.0 3.14 28.34 31.48 NOTE
r-release-linux-x86_64 0.1.0 2.89 28.21 31.10 NOTE
r-release-macos-arm64 0.1.0 16.00 NOTE
r-release-macos-x86_64 0.1.0 24.00 NOTE
r-release-windows-x86_64 0.1.0 3.00 44.00 47.00 NOTE
r-oldrel-macos-arm64 0.1.0 19.00 NOTE
r-oldrel-macos-x86_64 0.1.0 22.00 NOTE
r-oldrel-windows-x86_64 0.1.0 4.00 48.00 52.00 NOTE

Check Details

Version: 0.1.0
Check: LazyData
Result: NOTE 'LazyData' is specified without a 'data' directory Flavors: r-devel-linux-x86_64-debian-clang, r-devel-linux-x86_64-debian-gcc, r-devel-linux-x86_64-fedora-clang, r-devel-linux-x86_64-fedora-gcc, r-devel-windows-x86_64, r-patched-linux-x86_64, r-release-linux-x86_64, r-release-macos-arm64, r-release-macos-x86_64, r-release-windows-x86_64, r-oldrel-macos-arm64, r-oldrel-macos-x86_64, r-oldrel-windows-x86_64