Last updated on 2025-04-30 04:50:22 CEST.
Flavor | Version | Tinstall | Tcheck | Ttotal | Status | Flags |
---|---|---|---|---|---|---|
r-devel-linux-x86_64-debian-clang | 0.3.0 | 27.96 | 25.33 | 53.29 | OK | |
r-devel-linux-x86_64-debian-gcc | 0.3.0 | 21.15 | 19.96 | 41.11 | OK | |
r-devel-linux-x86_64-fedora-clang | 0.3.0 | 116.24 | OK | |||
r-devel-linux-x86_64-fedora-gcc | 0.3.0 | 97.16 | OK | |||
r-devel-windows-x86_64 | 0.3.0 | 37.00 | 77.00 | 114.00 | OK | |
r-patched-linux-x86_64 | 0.3.0 | 25.04 | 24.00 | 49.04 | OK | |
r-release-linux-x86_64 | 0.3.0 | 24.95 | 24.23 | 49.18 | OK | |
r-release-macos-arm64 | 0.3.0 | 27.00 | ERROR | |||
r-release-macos-x86_64 | 0.3.0 | 44.00 | OK | |||
r-release-windows-x86_64 | 0.3.0 | 44.00 | 72.00 | 116.00 | OK | |
r-oldrel-macos-arm64 | 0.3.0 | 32.00 | OK | |||
r-oldrel-macos-x86_64 | 0.3.0 | 35.00 | OK | |||
r-oldrel-windows-x86_64 | 0.3.0 | 39.00 | 84.00 | 123.00 | OK |
Version: 0.3.0
Check: tests
Result: ERROR
Running ‘testthat.R’ [0s/0s]
Running the tests in ‘tests/testthat.R’ failed.
Complete output:
>
> library(testthat)
> test_check("timechange")
Loading required package: timechange
Error in loadNamespace(x) : there is no package called 'desc'
Calls: test_check ... loadNamespace -> withRestarts -> withOneRestart -> doWithOneRestart
Execution halted
Flavor: r-release-macos-arm64