CRAN Package Check Results for Package timeDate

Last updated on 2021-11-30 15:52:36 CET.

Flavor Version Tinstall Tcheck Ttotal Status Flags
r-devel-linux-x86_64-debian-clang 3043.102 29.44 100.85 130.29 NOTE
r-devel-linux-x86_64-debian-gcc 3043.102 23.31 75.48 98.79 NOTE
r-devel-linux-x86_64-fedora-clang 3043.102 178.25 NOTE
r-devel-linux-x86_64-fedora-gcc 3043.102 155.14 NOTE
r-devel-windows-x86_64-new-UL 3043.102 66.00 123.00 189.00 NOTE
r-devel-windows-x86_64-new-TK 3043.102 NOTE
r-devel-windows-x86_64-old 3043.102 48.00 85.00 133.00 NOTE
r-patched-linux-x86_64 3043.102 29.32 98.28 127.60 NOTE
r-patched-solaris-x86 3043.102 180.80 NOTE
r-release-linux-x86_64 3043.102 27.99 100.08 128.07 NOTE
r-release-macos-arm64 3043.102 NOTE
r-release-macos-x86_64 3043.102 NOTE
r-release-windows-ix86+x86_64 3043.102 49.00 86.00 135.00 NOTE
r-oldrel-macos-x86_64 3043.102 OK
r-oldrel-windows-ix86+x86_64 3043.102 53.00 78.00 131.00 OK

Check Details

Version: 3043.102
Check: LazyData
Result: NOTE
     'LazyData' is specified without a 'data' directory
Flavors: r-devel-linux-x86_64-debian-clang, r-devel-linux-x86_64-debian-gcc, r-devel-linux-x86_64-fedora-clang, r-devel-linux-x86_64-fedora-gcc, r-devel-windows-x86_64-new-UL, r-devel-windows-x86_64-new-TK, r-devel-windows-x86_64-old, r-patched-linux-x86_64, r-patched-solaris-x86, r-release-linux-x86_64, r-release-macos-arm64, r-release-macos-x86_64, r-release-windows-ix86+x86_64