CRAN Package Check Results for Package tilegramsR

Last updated on 2022-09-24 15:55:33 CEST.

Flavor Version Tinstall Tcheck Ttotal Status Flags
r-devel-linux-x86_64-debian-clang 0.2.0 3.79 69.88 73.67 OK
r-devel-linux-x86_64-debian-gcc 0.2.0 3.81 51.96 55.77 OK
r-devel-linux-x86_64-fedora-clang 0.2.0 97.61 NOTE
r-devel-linux-x86_64-fedora-gcc 0.2.0 94.65 NOTE
r-devel-windows-x86_64 0.2.0 82.00 96.00 178.00 OK
r-patched-linux-x86_64 0.2.0 5.25 65.99 71.24 OK
r-release-linux-x86_64 0.2.0 5.01 65.14 70.15 OK
r-release-macos-arm64 0.2.0 26.00 NOTE
r-release-macos-x86_64 0.2.0 41.00 NOTE
r-release-windows-x86_64 0.2.0 70.00 97.00 167.00 OK
r-oldrel-macos-arm64 0.2.0 33.00 NOTE
r-oldrel-macos-x86_64 0.2.0 51.00 NOTE
r-oldrel-windows-ix86+x86_64 0.2.0 18.00 91.00 109.00 OK

Check Details

Version: 0.2.0
Check: dependencies in R code
Result: NOTE
    Namespace in Imports field not imported from: ‘sp’
     All declared Imports should be used.
Flavors: r-devel-linux-x86_64-fedora-clang, r-devel-linux-x86_64-fedora-gcc, r-release-macos-arm64, r-release-macos-x86_64, r-oldrel-macos-arm64, r-oldrel-macos-x86_64

Version: 0.2.0
Check: data for non-ASCII characters
Result: NOTE
     Note: found 341 marked UTF-8 strings
Flavors: r-devel-linux-x86_64-fedora-clang, r-devel-linux-x86_64-fedora-gcc, r-release-macos-arm64, r-release-macos-x86_64, r-oldrel-macos-arm64, r-oldrel-macos-x86_64