CRAN Package Check Results for Package tiff

Last updated on 2021-12-01 15:52:13 CET.

Flavor Version Tinstall Tcheck Ttotal Status Flags
r-devel-linux-x86_64-debian-clang 0.1-10 5.68 20.76 26.44 OK
r-devel-linux-x86_64-debian-gcc 0.1-10 3.75 16.83 20.58 OK
r-devel-linux-x86_64-fedora-clang 0.1-10 45.31 OK
r-devel-linux-x86_64-fedora-gcc 0.1-10 32.67 OK
r-devel-windows-x86_64-new-UL 0.1-10 12.00 58.00 70.00 OK
r-devel-windows-x86_64-new-TK 0.1-10 OK
r-devel-windows-x86_64-old 0.1-10 9.00 27.00 36.00 OK
r-patched-linux-x86_64 0.1-10 4.32 19.73 24.05 OK
r-patched-solaris-x86 0.1-10 45.20 OK
r-release-linux-x86_64 0.1-10 4.09 19.88 23.97 OK
r-release-macos-arm64 0.1-10 NOTE
r-release-macos-x86_64 0.1-10 NOTE
r-release-windows-ix86+x86_64 0.1-10 12.00 43.00 55.00 OK
r-oldrel-macos-x86_64 0.1-10 NOTE
r-oldrel-windows-ix86+x86_64 0.1-10 10.00 32.00 42.00 OK

Check Details

Version: 0.1-10
Check: installed package size
Result: NOTE
     installed size is 5.6Mb
     sub-directories of 1Mb or more:
     libs 5.5Mb
Flavors: r-release-macos-arm64, r-release-macos-x86_64, r-oldrel-macos-x86_64