CRAN Package Check Results for Package tiff

Last updated on 2024-06-20 03:51:49 CEST.

Flavor Version Tinstall Tcheck Ttotal Status Flags
r-devel-linux-x86_64-debian-clang 0.1-12 6.13 22.61 28.74 OK
r-devel-linux-x86_64-debian-gcc 0.1-12 4.36 17.26 21.62 OK
r-devel-linux-x86_64-fedora-clang 0.1-12 37.00 OK
r-devel-linux-x86_64-fedora-gcc 0.1-12 36.69 OK
r-devel-windows-x86_64 0.1-12 9.00 57.00 66.00 OK
r-patched-linux-x86_64 0.1-12 5.63 22.06 27.69 OK
r-release-linux-x86_64 0.1-12 5.15 21.32 26.47 OK
r-release-macos-arm64 0.1-12 19.00 NOTE
r-release-macos-x86_64 0.1-12 26.00 NOTE
r-release-windows-x86_64 0.1-12 9.00 55.00 64.00 OK
r-oldrel-macos-arm64 0.1-12 25.00 NOTE
r-oldrel-macos-x86_64 0.1-12 48.00 NOTE
r-oldrel-windows-x86_64 0.1-12 10.00 52.00 62.00 OK

Check Details

Version: 0.1-12
Check: installed package size
Result: NOTE installed size is 5.4Mb sub-directories of 1Mb or more: libs 5.3Mb Flavors: r-release-macos-arm64, r-release-macos-x86_64, r-oldrel-macos-arm64, r-oldrel-macos-x86_64