CRAN Package Check Results for Package tidyseurat

Last updated on 2021-10-22 03:55:41 CEST.

Flavor Version Tinstall Tcheck Ttotal Status Flags
r-devel-linux-x86_64-debian-clang 0.3.0 22.70 226.61 249.31 OK
r-devel-linux-x86_64-debian-gcc 0.3.0 17.04 167.21 184.25 OK
r-devel-linux-x86_64-fedora-clang 0.3.0 308.70 OK
r-devel-linux-x86_64-fedora-gcc 0.3.0 297.40 OK
r-devel-windows-x86_64 0.2.7 35.00 222.00 257.00 OK
r-devel-windows-x86_64-gcc10-UCRT 0.3.0 ERROR
r-patched-linux-x86_64 0.3.0 15.47 213.95 229.42 OK
r-patched-solaris-x86 0.3.0 347.10 OK
r-release-linux-x86_64 0.3.0 17.64 214.63 232.27 OK
r-release-macos-arm64 0.2.7 NOTE
r-release-macos-x86_64 0.3.0 NOTE
r-release-windows-ix86+x86_64 0.2.7 52.00 264.00 316.00 OK
r-oldrel-macos-x86_64 0.3.0 NOTE
r-oldrel-windows-ix86+x86_64 0.2.7 7.00 8.00 15.00 ERROR

Check Details

Version: 0.3.0
Check: package dependencies
Result: ERROR
    Package required but not available: 'Seurat'
    
    See section 'The DESCRIPTION file' in the 'Writing R Extensions'
    manual.
Flavor: r-devel-windows-x86_64-gcc10-UCRT

Version: 0.2.7
Check: package dependencies
Result: NOTE
    Package suggested but not available for checking: ‘SingleR’
Flavor: r-release-macos-arm64

Version: 0.3.0
Check: package dependencies
Result: NOTE
    Package suggested but not available for checking: ‘SingleR’
Flavors: r-release-macos-x86_64, r-oldrel-macos-x86_64

Version: 0.2.7
Check: whether package can be installed
Result: ERROR
    Installation failed.
Flavor: r-oldrel-windows-ix86+x86_64