Last updated on 2023-06-07 04:04:13 CEST.
Flavor | Version | Tinstall | Tcheck | Ttotal | Status | Flags |
---|---|---|---|---|---|---|
r-devel-linux-x86_64-debian-clang | 0.5.7 | 6.05 | 70.53 | 76.58 | OK | |
r-devel-linux-x86_64-debian-gcc | 0.5.7 | 4.53 | 51.54 | 56.07 | OK | |
r-devel-linux-x86_64-fedora-clang | 0.5.7 | 93.33 | NOTE | |||
r-devel-linux-x86_64-fedora-gcc | 0.5.7 | 93.90 | OK | |||
r-devel-windows-x86_64 | 0.5.7 | 7.00 | 77.00 | 84.00 | OK | |
r-patched-linux-x86_64 | 0.5.7 | 7.29 | 61.06 | 68.35 | OK | |
r-release-linux-x86_64 | 0.5.7 | 5.01 | 61.24 | 66.25 | OK | |
r-release-macos-arm64 | 0.5.7 | 41.00 | OK | |||
r-release-macos-x86_64 | 0.5.7 | 56.00 | OK | |||
r-release-windows-x86_64 | 0.5.7 | 8.00 | 83.00 | 91.00 | OK | |
r-oldrel-macos-arm64 | 0.5.7 | 86.00 | OK | |||
r-oldrel-macos-x86_64 | 0.5.7 | 127.00 | OK | |||
r-oldrel-windows-x86_64 | 0.5.7 | 8.00 | 82.00 | 90.00 | OK |
Version: 0.5.7
Check: Rd cross-references
Result: NOTE
Undeclared packages ‘tidyfst’, ‘tidyr’, ‘fastDummies’ in Rd xrefs
Flavor: r-devel-linux-x86_64-fedora-clang