CRAN Package Check Results for Package tidyfit

Last updated on 2024-06-14 03:57:39 CEST.

Flavor Version Tinstall Tcheck Ttotal Status Flags
r-devel-linux-x86_64-debian-clang 0.7.1 12.09 263.28 275.37 OK
r-devel-linux-x86_64-debian-gcc 0.7.1 0.53 1.73 2.26 ERROR
r-devel-linux-x86_64-fedora-clang 0.7.1 276.60 OK
r-devel-linux-x86_64-fedora-gcc 0.7.1 343.93 OK
r-devel-windows-x86_64 0.7.1 12.00 216.00 228.00 OK
r-patched-linux-x86_64 0.7.1 9.87 248.35 258.22 OK
r-release-linux-x86_64 0.7.1 8.59 249.35 257.94 OK
r-release-macos-arm64 0.7.1 222.00 OK
r-release-macos-x86_64 0.7.1 306.00 OK
r-release-windows-x86_64 0.7.1 14.00 221.00 235.00 OK
r-oldrel-macos-arm64 0.7.1 151.00 OK
r-oldrel-macos-x86_64 0.7.1 417.00 OK
r-oldrel-windows-x86_64 0.7.1 16.00 264.00 280.00 OK

Check Details

Version: 0.7.1
Check: package dependencies
Result: ERROR Packages required but not available: 'broom', 'dials', 'dplyr', 'furrr', 'purrr', 'rsample', 'tibble', 'tidyr', 'vctrs', 'yardstick' Packages suggested but not available for checking: 'arm', 'ggplot2', 'hfr', 'iml', 'kableExtra', 'lme4', 'lubridate', 'mRMRe', 'sensitivity', 'stringr', 'testthat' See section ‘The DESCRIPTION file’ in the ‘Writing R Extensions’ manual. Flavor: r-devel-linux-x86_64-debian-gcc