CRAN Package Check Results for Package tidyestimate

Last updated on 2021-10-17 03:52:21 CEST.

Flavor Version Tinstall Tcheck Ttotal Status Flags
r-devel-linux-x86_64-debian-clang 1.1.0 5.57 55.98 61.55 OK
r-devel-linux-x86_64-debian-gcc 1.1.0 4.05 42.92 46.97 OK
r-devel-linux-x86_64-fedora-clang 1.1.0 82.25 NOTE
r-devel-linux-x86_64-fedora-gcc 1.1.0 69.88 NOTE
r-devel-windows-x86_64 1.1.0 10.00 64.00 74.00 OK
r-devel-windows-x86_64-gcc10-UCRT 1.1.0 NOTE
r-patched-linux-x86_64 1.1.0 5.82 51.71 57.53 OK
r-patched-solaris-x86 1.1.0 98.80 NOTE
r-release-linux-x86_64 1.1.0 5.74 52.26 58.00 OK
r-release-macos-arm64 1.1.0 NOTE
r-release-macos-x86_64 1.1.0 NOTE
r-release-windows-ix86+x86_64 1.1.0 26.00 77.00 103.00 OK

Check Details

Version: 1.1.0
Check: dependencies in R code
Result: NOTE
    Namespaces in Imports field not imported from:
     ‘grDevices’ ‘graphics’ ‘utils’
     All declared Imports should be used.
Flavors: r-devel-linux-x86_64-fedora-clang, r-devel-linux-x86_64-fedora-gcc, r-devel-windows-x86_64-gcc10-UCRT, r-patched-solaris-x86, r-release-macos-arm64, r-release-macos-x86_64

Version: 1.1.0
Check: data for non-ASCII characters
Result: NOTE
     Note: found 6 marked UTF-8 strings
Flavors: r-devel-linux-x86_64-fedora-clang, r-devel-linux-x86_64-fedora-gcc, r-devel-windows-x86_64-gcc10-UCRT, r-patched-solaris-x86, r-release-macos-arm64, r-release-macos-x86_64